{"id":6819,"date":"2017-09-26T15:54:30","date_gmt":"2017-09-26T13:54:30","guid":{"rendered":"https:\/\/physik.nawi.at\/?page_id=6819"},"modified":"2023-04-16T19:50:59","modified_gmt":"2023-04-16T17:50:59","slug":"wir","status":"publish","type":"page","link":"https:\/\/physik.nawi.at\/index.php\/wir\/","title":{"rendered":"Wir"},"content":{"rendered":"<p>Wir sind der Rote Vektor Physik. Der Rote Vektor Physik ist eine Basisgruppe (Eine Basisgruppe ist eine bunte Mischung aus (uni-)politisch\u00a0interessierter Menschen, die basisdemokratisch handeln -&gt; <a href=\"https:\/\/physik.nawi.at\/index.php\/wir\/grundsatze-immer-in-arbeit-neu\/\">https:\/\/physik.nawi.at\/index.php\/wir\/grundsatze-immer-in-arbeit-neu\/<\/a>) und stellt aktuell die Studienvertretung Physik, welche alle zwei Jahre im Rahmen der \u00d6H-Wahl von allen Studierenden der Fakult\u00e4t gew\u00e4hlt wird, womit wir eure rechtlichen Ansprechpartner sind und euch unipolitisch vertreten.<\/p>\n<p>Wenn du mehr Interesse hast, kannst du bei uns im StV Kammerl vorbeischauen (<a href=\"https:\/\/physik.nawi.at\/index.php\/kontakt\/\">https:\/\/physik.nawi.at\/index.php\/kontakt\/<\/a>) \u2013 es ist meistens jemand da \u2013 oder auf ein Plenum kommen (<a href=\"https:\/\/physik.nawi.at\/index.php\/wir\/plenum\/\">https:\/\/physik.nawi.at\/index.php\/wir\/plenum\/<\/a>).<\/p>\n<p>[wpb_childpages]<\/p>\n","protected":false},"excerpt":{"rendered":"<p>Wir sind der Rote Vektor Physik. Der Rote Vektor Physik ist eine Basisgruppe (Eine Basisgruppe ist eine bunte Mischung aus (uni-)politisch\u00a0interessierter Menschen, die basisdemokratisch handeln -&gt; https:\/\/physik.nawi.at\/index.php\/wir\/grundsatze-immer-in-arbeit-neu\/) und stellt aktuell die Studienvertretung Physik, welche alle zwei Jahre im Rahmen der \u00d6H-Wahl von allen Studierenden der Fakult\u00e4t gew\u00e4hlt wird, womit wir eure rechtlichen Ansprechpartner sind und [&hellip;]<\/p>\n","protected":false},"author":48,"featured_media":0,"parent":0,"menu_order":4,"comment_status":"closed","ping_status":"closed","template":"","meta":[],"_links":{"self":[{"href":"https:\/\/physik.nawi.at\/index.php\/wp-json\/wp\/v2\/pages\/6819"}],"collection":[{"href":"https:\/\/physik.nawi.at\/index.php\/wp-json\/wp\/v2\/pages"}],"about":[{"href":"https:\/\/physik.nawi.at\/index.php\/wp-json\/wp\/v2\/types\/page"}],"author":[{"embeddable":true,"href":"https:\/\/physik.nawi.at\/index.php\/wp-json\/wp\/v2\/users\/48"}],"replies":[{"embeddable":true,"href":"https:\/\/physik.nawi.at\/index.php\/wp-json\/wp\/v2\/comments?post=6819"}],"version-history":[{"count":0,"href":"https:\/\/physik.nawi.at\/index.php\/wp-json\/wp\/v2\/pages\/6819\/revisions"}],"wp:attachment":[{"href":"https:\/\/physik.nawi.at\/index.php\/wp-json\/wp\/v2\/media?parent=6819"}],"curies":[{"name":"wp","href":"https:\/\/api.w.org\/{rel}","templated":true}]}}