{"id":6814,"date":"2017-09-26T15:37:06","date_gmt":"2017-09-26T13:37:06","guid":{"rendered":"https:\/\/physik.nawi.at\/?page_id=6814"},"modified":"2023-08-19T12:58:16","modified_gmt":"2023-08-19T10:58:16","slug":"die-oh","status":"publish","type":"page","link":"https:\/\/physik.nawi.at\/index.php\/uni-politik\/die-oh\/","title":{"rendered":"Die \u00d6H"},"content":{"rendered":"<div id=\"pl-6814\"  class=\"panel-layout\" ><div id=\"pg-6814-0\"  class=\"panel-grid panel-no-style\" ><div id=\"pgc-6814-0-0\"  class=\"panel-grid-cell\" ><div id=\"panel-6814-0-0-0\" class=\"so-panel widget widget_sow-editor panel-first-child\" data-index=\"0\" ><div\n\t\t\t\n\t\t\tclass=\"so-widget-sow-editor so-widget-sow-editor-base\"\n\t\t\t\n\t\t><h3 class=\"widget-title\">Was ist die \u00d6H?<\/h3>\n<div class=\"siteorigin-widget-tinymce textwidget\">\n\t<header>Die Rechtliche Grundlage der \u00d6HDie<a style=\"font-size: 16px; font-weight: 400;\" href=\"https:\/\/www.oeh.ac.at\">\u00a0\u00d6sterreichische Hochsch\u00fcler_innenschaft<\/a><span style=\"font-size: 16px; font-weight: 400;\"> ist die durch das\u00a0<a href=\"https:\/\/www.ris.bka.gv.at\/GeltendeFassung.wxe?Abfrage=Bundesnormen&amp;Gesetzesnummer=20008892\">Hochsch\u00fclerinnen- und Hochsch\u00fclerschaftsgesetz (HSG)<\/a>\u00a0gesetzlich geregelte politische Vertretung der Studierenden in \u00d6sterreich.<br \/>\nDarin sind unter anderem auch die verpflichtende Mitgliedschaft aller Studierenden sowie das allgemeine politische Mandat ( = Verpflichtung zu politischer Aktivit\u00e4t abseits reiner Vertretungsarbeit ) der \u00d6H verankert.\u00a0<\/span>Man kann sich die \u00d6H als eine Art Gewerkschaft f\u00fcr die Studierenden vorstellen.<\/p>\n<p>Die \u00d6H besteht aus folgenden Ebenen<\/p>\n<\/header>\n<\/div>\n<\/div><\/div><div id=\"panel-6814-0-0-1\" class=\"so-panel widget widget_sow-tabs\" data-index=\"1\" ><div class=\"panel-widget-style panel-widget-style-for-6814-0-0-1\" ><div\n\t\t\t\n\t\t\tclass=\"so-widget-sow-tabs so-widget-sow-tabs-default-e4c3ec3e16cb-6814\"\n\t\t\t\n\t\t><div class=\"sow-tabs\">\n\t<div class=\"sow-tabs-tab-container\" role=\"tablist\">\n\t\t\t<div\n\t\t\tclass=\"sow-tabs-tab\n\t\t\t\t\t\t\"\n\t\t\trole=\"tab\"\n\t\t\tdata-anchor-id=\"bundesvertretung\"\n\t\t\taria-selected=\"false\"\n\t\t\ttabindex=\"0\"\n\t\t>\n\t\t\t<div class=\"sow-tabs-title sow-tabs-title-icon-left\">\n\t\t\t\t\t\t\t\tBundesvertretung\t\t\t\t\t\t\t<\/div>\n\t\t<\/div>\n\t\t\t<div\n\t\t\tclass=\"sow-tabs-tab\n\t\t\t\t\t\t\"\n\t\t\trole=\"tab\"\n\t\t\tdata-anchor-id=\"universitats-bzw-hochschulvertretung\"\n\t\t\taria-selected=\"false\"\n\t\t\ttabindex=\"0\"\n\t\t>\n\t\t\t<div class=\"sow-tabs-title sow-tabs-title-icon-left\">\n\t\t\t\t\t\t\t\tUniversit\u00e4ts- bzw. Hochschulvertretung\t\t\t\t\t\t\t<\/div>\n\t\t<\/div>\n\t\t\t<div\n\t\t\tclass=\"sow-tabs-tab\n\t\t\t sow-tabs-tab-selected\t\t\t\"\n\t\t\trole=\"tab\"\n\t\t\tdata-anchor-id=\"studierenden-und-fakultsvertretung\"\n\t\t\taria-selected=\"true\"\n\t\t\ttabindex=\"0\"\n\t\t>\n\t\t\t<div class=\"sow-tabs-title sow-tabs-title-icon-left\">\n\t\t\t\t\t\t\t\tStudierenden- und Fakultsvertretung\t\t\t\t\t\t\t<\/div>\n\t\t<\/div>\n\t\t<\/div>\n\n\t<div class=\"sow-tabs-panel-container\">\n\t\t\t<div class=\"sow-tabs-panel\">\n\t\t\t<div\n\t\t\t\tclass=\"sow-tabs-panel-content\"\n\t\t\t\trole=\"tabpanel\"\n\t\t\t\taria-hidden=\"true\"\n\t\t\t>\n\t\t\t\t<p>Die \u00d6H-Bundesvertretung (BV) ist die gesetzliche Vertretung aller Studierenden gegen\u00fcber den zust\u00e4ndigen Ministerien. Sie entsendet Mitglieder*innen in Aussch\u00fcsse und wirkt im Rahmen ihrer M\u00f6glichkeiten auf die Gesetzesfindung ein.<\/p>\n<p>Vergleichbar mit dem Parlament besteht sie aus Mandatar*innen, die verschiedenen <strong>\u00d6H-Fraktionen<\/strong> angeh\u00f6ren. Sie bilden innerhalb der \u00d6H-Struktur die Legislative. Die Exekutive wird ebenso von ihnen gebildet und ist in <a href=\"https:\/\/www.oeh.ac.at\/referate\">Referate<\/a> unterteilt.<\/p>\n<p>Die Website der Bundesvertretung lautet <a href=\"http:\/\/oeh.ac.at\">oeh.ac.at<\/a><\/p>\n\t\t\t<\/div>\n\t\t<\/div>\n\t\t\t<div class=\"sow-tabs-panel\">\n\t\t\t<div\n\t\t\t\tclass=\"sow-tabs-panel-content\"\n\t\t\t\trole=\"tabpanel\"\n\t\t\t\taria-hidden=\"true\"\n\t\t\t>\n\t\t\t\t<p>Alle Belange der Vertretungsarbeit an den einzelnen Hochschulen \u00fcbernimmt die lokale \u00d6H-Hochschulvertretung (UV) der jeweiligen Hochschule. Sie ist quasi die Gewerkschaft der Studierenden auf Universit\u00e4tsebene und wird von einer Exekutive verschiedener Wahllisten gebildet.<\/p>\n<p>Eine \u00dcbersicht der Referate und zum Aufbau der \u00d6H Uni Wien findet ihr auf ihrer Homepage:<br \/>\n<a href=\"https:\/\/oeh.univie.ac.at\/\">oeh.univie.ac.at<\/a><\/p>\n\t\t\t<\/div>\n\t\t<\/div>\n\t\t\t<div class=\"sow-tabs-panel\">\n\t\t\t<div\n\t\t\t\tclass=\"sow-tabs-panel-content\"\n\t\t\t\trole=\"tabpanel\"\n\t\t\t\taria-hidden=\"false\"\n\t\t\t>\n\t\t\t\t<p>Die Vertretungsarbeit in den jeweiligen Studienrichtungen obliegt der jeweiligen Studierenden- und Fakult\u00e4tsvertretung. Mit dieser Ebene der \u00d6H haben Studierende \u00fcblicherweise die meiste Ber\u00fchrungsfl\u00e4che.<\/p>\n<p>Die Studierendenvertretung ist die einzige \u00d6H-Instanz deren Mandatar*innen direkt gew\u00e4hlt werden. Nach ihrer Wahl entsendet sie nach einem Schl\u00fcssel Mandatar*innen in die Fakult\u00e4tsvertretung.<\/p>\n<p>Da die Anzahl an Mandatar*innen pro Studienrichtung im Vergleich zur Studierendenzahl oftmals verschwindend gering ist, gibt es vielerorts ( so wie bei uns ) alternativstrukturen zur Mandatar*innenbasierten studentischen Selbstvertretung. Beispiele hierf\u00fcr sind die Basis- und Institutsgruppen der Uni Wien oder die Fachschaften der Technischen Universit\u00e4ten.<\/p>\n<p>Auf der Website der Studierendenvertretung bist du bereits: <a href=\"http:\/\/physik.nawi.at\">physik.nawi.at<\/a><\/p>\n<p>Wenn du mehr \u00fcber uns und unsere Struktur wissen m\u00f6chtest, schau mal <a href=\"https:\/\/physik.nawi.at\/index.php\/wir\/\">hier<\/a> vorbei.<\/p>\n\t\t\t<\/div>\n\t\t<\/div>\n\t\t<\/div>\n<\/div>\n<\/div><\/div><\/div><div id=\"panel-6814-0-0-2\" class=\"so-panel widget widget_sow-editor\" data-index=\"2\" ><div\n\t\t\t\n\t\t\tclass=\"so-widget-sow-editor so-widget-sow-editor-base\"\n\t\t\t\n\t\t><h3 class=\"widget-title\">\u00d6H-Wahl<\/h3>\n<div class=\"siteorigin-widget-tinymce textwidget\">\n\t<p>Alle drei Ebenen der \u00d6H werden alle 2 Jahre bei der \u00d6H-Wahl gemeinsam und direkt gew\u00e4hlt.<br \/>\nDie Wahlergebnisse der letzten Jahre findet ihr hier:<\/p>\n<p>Ergebnisse der Letzten Wahl: <a href=\"https:\/\/oeh.univie.ac.at\/vertretung\/wahlen-2023\">Uni Wien - Studien- und Universit\u00e4tsebene<\/a><\/p>\n<p>\u00c4ltere Wahlergebnisse findet ihr auf der Page zu <a href=\"https:\/\/physik.nawi.at\/index.php\/uni-politik\/die-oh\/oh-wahl\/\">vergangenen \u00d6H-Wahlen.<\/a><\/p>\n<\/div>\n<\/div><\/div><div id=\"panel-6814-0-0-3\" class=\"so-panel widget widget_sow-editor panel-last-child\" data-index=\"3\" ><div\n\t\t\t\n\t\t\tclass=\"so-widget-sow-editor so-widget-sow-editor-base\"\n\t\t\t\n\t\t><h3 class=\"widget-title\">\u00d6H-Beitrag<\/h3>\n<div class=\"siteorigin-widget-tinymce textwidget\">\n\t<p>Jedes Semester m\u00fcssen alle Studierende in \u00d6sterreich den \u00d6H-Beitrag fristgerecht einzahlen. Momentan betr\u00e4gt er 22.70 Euro, womit du auch automatisch unfall- und haftpflichtversichert bist. Der \u00d6H-Beitrag erm\u00f6glicht der \u00d6H, ein umfangreiches Serviceangebot zur Verf\u00fcgung zu stellen und gegen\u00fcber den zust\u00e4ndigen Ministerien als starke und unabh\u00e4ngige Vertretung der Studierenden aufzutreten.<\/p>\n<p>Die Pflichtmitgliedschaft bei der \u00d6H garantiert, aufgrund der finanziellen Unabh\u00e4ngigkeit, ein politisch unabh\u00e4ngiges Handeln der \u00d6H, was f\u00fcr eine gute Vertretung unabdinglich ist.<\/p>\n<p>Oftmals h\u00f6rt man auch Beschwerden, dass doch der \u00d6H-Beitrag immer teurer werden w\u00fcrde \u2013 mit einem mitklingenden Unterton, dass sich die \u00d6H bereichern w\u00fcrde. Das ist nicht der Fall, denn die \u00d6H darf den Beitrag gar nicht selbst festlegen. Dieser ist im Hochschulgesetz geregelt und wird lediglich dem VPI angepasst.<\/p>\n<\/div>\n<\/div><\/div><\/div><\/div><\/div>","protected":false},"excerpt":{"rendered":"<p>Die Rechtliche Grundlage der \u00d6HDie\u00a0\u00d6sterreichische Hochsch\u00fcler_innenschaft ist die durch das\u00a0Hochsch\u00fclerinnen- und Hochsch\u00fclerschaftsgesetz (HSG)\u00a0gesetzlich geregelte politische Vertretung der Studierenden in \u00d6sterreich. Darin sind unter anderem auch die verpflichtende Mitgliedschaft aller Studierenden sowie das allgemeine politische Mandat ( = Verpflichtung zu politischer Aktivit\u00e4t abseits reiner Vertretungsarbeit ) der \u00d6H verankert.\u00a0Man kann sich die \u00d6H als eine Art [&hellip;]<\/p>\n","protected":false},"author":48,"featured_media":0,"parent":6812,"menu_order":1,"comment_status":"closed","ping_status":"closed","template":"","meta":[],"_links":{"self":[{"href":"https:\/\/physik.nawi.at\/index.php\/wp-json\/wp\/v2\/pages\/6814"}],"collection":[{"href":"https:\/\/physik.nawi.at\/index.php\/wp-json\/wp\/v2\/pages"}],"about":[{"href":"https:\/\/physik.nawi.at\/index.php\/wp-json\/wp\/v2\/types\/page"}],"author":[{"embeddable":true,"href":"https:\/\/physik.nawi.at\/index.php\/wp-json\/wp\/v2\/users\/48"}],"replies":[{"embeddable":true,"href":"https:\/\/physik.nawi.at\/index.php\/wp-json\/wp\/v2\/comments?post=6814"}],"version-history":[{"count":0,"href":"https:\/\/physik.nawi.at\/index.php\/wp-json\/wp\/v2\/pages\/6814\/revisions"}],"up":[{"embeddable":true,"href":"https:\/\/physik.nawi.at\/index.php\/wp-json\/wp\/v2\/pages\/6812"}],"wp:attachment":[{"href":"https:\/\/physik.nawi.at\/index.php\/wp-json\/wp\/v2\/media?parent=6814"}],"curies":[{"name":"wp","href":"https:\/\/api.w.org\/{rel}","templated":true}]}}