{"id":6755,"date":"2017-09-26T13:10:29","date_gmt":"2017-09-26T11:10:29","guid":{"rendered":"https:\/\/physik.nawi.at\/?page_id=6755"},"modified":"2023-11-08T13:59:31","modified_gmt":"2023-11-08T12:59:31","slug":"lehrveranstaltungen","status":"publish","type":"page","link":"https:\/\/physik.nawi.at\/index.php\/informationen\/vor-dem-studium\/lehrveranstaltungen\/","title":{"rendered":"Lehrveranstaltungen"},"content":{"rendered":"<p>Welche Lehrveranstaltungen du f\u00fcr dein Studium machen musst und in welcher Reihenfolge sie zu empfehlen sind, steht im <a href=\"https:\/\/ssc-physik.univie.ac.at\/studium\/bsc-physik-version-2018\/curriculum\/\">Curriculum<\/a>. Das Curriculum ist sozusagen dein Fahrplan durch das Studium. Dort findest du die Studienziele, den Inhalt der Lehrveranstaltungen und m\u00f6gliche Schwerpunktssetzungen.<\/p>\n<p>Eine Lehrveranstaltung (LV) kann pr\u00fcfungsimmanent (pi) oder nicht-pr\u00fcfungsimmanent (npi) sein.<\/p>\n<p>Bei pi-Veranstaltungen herrscht meist Anwesenheitspflicht; jedenfalls ist es notwendig, dass mindestens zwei Teilleistungen (m\u00fcndlich oder schriftlich) erbracht werden, wobei eine Teilleistung alleine nicht zu einer negativen Beurteilung f\u00fchren darf. Vor Beginn der Anmeldefrist muss die Lehrveranstaltungsleitung (zust\u00e4ndige*r Prof) Ziele, Inhalte, Methoden und Sprache der LV im Vorlesungsverzeichnis bekannt geben. Auch die genauen Beurteilungskriterien m\u00fcssen laut Satzung der Universit\u00e4t Wien (Studienrecht) bekannt gegeben werden. F\u00fcr pr\u00fcfungsimmanente LVs gibt es keine kommissionellen Antritte.<\/p>\n<p>Zu <b>Vorlesungen (VO, npi)<\/b> kann man sich zwar \u00fcber <a href=\"http:\/\/uspace.univie.ac.at\/\">u:space<\/a> anmelden, diese Anmeldung dient jedoch nur dazu, den H\u00f6rer*innen den Zugriff auf die Moodle Unterlagen zu gew\u00e4hren.<\/p>\n<p>Bei einem <b>Proseminar (PS, pi)<\/b> oder einer <strong>\u00dcbung (UE, pi)<\/strong> ist es derzeit \u00fcblich, dass die Leistungskontrolle unter anderem durch das Erbringen von &#8220;Haus\u00fcbungen&#8221;, Mitarbeit und\/oder Zwischentests erfolgt.<\/p>\n<p>Eine <b>Vorlesungs\u00fcbung (VU, pi)<\/b> bildet eine Schnittstelle zwischen Vorlesung und \u00dcbung &#8211; meist herrscht Anwesenheitspflicht. Das in der Vorlesung geh\u00f6rte soll in \u00dcbungen gefestigt werden.<\/p>\n<p>Ein <b>Praktikum (PR, pi)<\/b> zeichnet sich durch das besondere Augenmerk auf das praktische Arbeiten aus \u2013 daher besteht in den meisten F\u00e4llen Anwesenheitspflicht. Die Bewertung besteht fast immer aus der Arbeit im Praktikum und den zu verfassenden Protokollen.<\/p>\n<p>Im Vorlesungsverzeichnis (ufind.univie.ac.at) sind alle Lehrveranstaltungen, alle Mitarbeiter*innen\u00a0(mit Kontaktdaten) und alle Pr\u00fcfungen der Uni Wien gelistet. \u00dcber uspace.univie.ac.at kannst du dich zu allen Lehrveranstaltungen (LVs) anmelden. Details und Unterlagen zu den LVs findest du dann im entsprechenden Moodle-Kurs auf moodle.univie.ac.at.<\/p>\n<p>Die Anmeldung zu pi-Veranstaltungen (also UE, PS, VU, PR) ist <b>verpflichtend<\/b> und muss innerhalb der\u00a0Fristen (im Wintersemester bis 25.09., im Sommersemester bis 25.02.) passieren. Die Anmeldung\u00a0zu npi-Veranstaltungen (also VO) ist <b>optional \u2013<\/b> allerdings kannst du nur dann auf den moodle-Kurs (Unterlagen, Skript, &#8230;) zugreifen, wenn du angemeldet bist. Eine Anmeldung zur VO verpflichtet dich nicht dazu, die Pr\u00fcfung zur Vorlesung zu absolvieren.<\/p>\n<p>Gibt es grunds\u00e4tzlich Probleme bei der Anmeldung (auch bei \u00dcbungsgruppentausch), dann wende dich in erster Linie immer an die zust\u00e4ndige Lehrperson. Am besten schreibst du eine Mail von deiner unet-Adresse (webmail.univie.ac.at, deine unet-Zugangsdaten). Ansonsten sind wir nat\u00fcrlich per Mail oder zu Journaldienstzeiten im Kammerl gerne f\u00fcr dich da (<a href=\"https:\/\/physik.nawi.at\/index.php\/kontakt\/\">KONTAKT<\/a>).<\/p>\n","protected":false},"excerpt":{"rendered":"<p>Welche Lehrveranstaltungen du f\u00fcr dein Studium machen musst und in welcher Reihenfolge sie zu empfehlen sind, steht im Curriculum. Das Curriculum ist sozusagen dein Fahrplan durch das Studium. Dort findest du die Studienziele, den Inhalt der Lehrveranstaltungen und m\u00f6gliche Schwerpunktssetzungen. Eine Lehrveranstaltung (LV) kann pr\u00fcfungsimmanent (pi) oder nicht-pr\u00fcfungsimmanent (npi) sein. Bei pi-Veranstaltungen herrscht meist Anwesenheitspflicht; [&hellip;]<\/p>\n","protected":false},"author":48,"featured_media":0,"parent":6746,"menu_order":3,"comment_status":"closed","ping_status":"closed","template":"","meta":[],"_links":{"self":[{"href":"https:\/\/physik.nawi.at\/index.php\/wp-json\/wp\/v2\/pages\/6755"}],"collection":[{"href":"https:\/\/physik.nawi.at\/index.php\/wp-json\/wp\/v2\/pages"}],"about":[{"href":"https:\/\/physik.nawi.at\/index.php\/wp-json\/wp\/v2\/types\/page"}],"author":[{"embeddable":true,"href":"https:\/\/physik.nawi.at\/index.php\/wp-json\/wp\/v2\/users\/48"}],"replies":[{"embeddable":true,"href":"https:\/\/physik.nawi.at\/index.php\/wp-json\/wp\/v2\/comments?post=6755"}],"version-history":[{"count":0,"href":"https:\/\/physik.nawi.at\/index.php\/wp-json\/wp\/v2\/pages\/6755\/revisions"}],"up":[{"embeddable":true,"href":"https:\/\/physik.nawi.at\/index.php\/wp-json\/wp\/v2\/pages\/6746"}],"wp:attachment":[{"href":"https:\/\/physik.nawi.at\/index.php\/wp-json\/wp\/v2\/media?parent=6755"}],"curies":[{"name":"wp","href":"https:\/\/api.w.org\/{rel}","templated":true}]}}