{"id":5555,"date":"2017-01-31T18:20:26","date_gmt":"2017-01-31T17:20:26","guid":{"rendered":"https:\/\/physik.nawi.at\/?page_id=5555"},"modified":"2022-12-13T13:33:36","modified_gmt":"2022-12-13T12:33:36","slug":"zum-thema-asyl","status":"publish","type":"page","link":"https:\/\/physik.nawi.at\/index.php\/uni-politik\/themaasyl\/zum-thema-asyl\/","title":{"rendered":"Grundlegende Informationen zum Thema Asyl und Fl\u00fcchtlinge"},"content":{"rendered":"<div><b>STAND FEBRUAR 2017<\/b><\/div>\n<div><\/div>\n<div id=\"magicdomid61\" class=\"ace-line\"><span class=\"author-a-7rz67zz89zz72zz76zz90z9z73zz77zwfuz83zz76ze\">Hier und im\u00a0<\/span><span class=\"author-a-z75ztz84zmz71zz69zbolgz71zz73zz69zz70zbz90z\">W<\/span><span class=\"author-a-7rz67zz89zz72zz76zz90z9z73zz77zwfuz83zz76ze\">eiteren soll ein wenig \u00dcbersicht in das undurchdringliche Chaos des vermeintlichen Fl\u00fcchtlings-Wellen-Ansturm-Disasters, als welches es uns so gerne pr\u00e4sentiert wird, gebracht werden.<\/span><\/div>\n<div id=\"magicdomid3\" class=\"\"><span class=\"author-a-7rz67zz89zz72zz76zz90z9z73zz77zwfuz83zz76ze\">\u00a0<\/span><\/div>\n<div id=\"magicdomid4\" class=\"\"><span class=\"author-a-7rz67zz89zz72zz76zz90z9z73zz77zwfuz83zz76ze b\"><b>Wer ist Fl\u00fcchtling?<\/b><\/span><\/div>\n<div id=\"magicdomid5\" class=\"\"><span class=\"author-a-7rz67zz89zz72zz76zz90z9z73zz77zwfuz83zz76ze\">Nach internationelem Recht (Genfer Fl\u00fcchtlingskonvention) ist ein Fl\u00fcchtling eine Person, die sich au\u00dferhalb ihres Heimatlands befindet und eine wohlbegr\u00fcndete Furcht vor Verfolgung aufgrund ihrer Rasse, Religion, Nationalit\u00e4t, politischen Meinung oder Zugeh\u00f6rigkeit zu einer bestimmten sozialen Gruppe hat.<\/span><\/div>\n<div id=\"magicdomid68\" class=\"ace-line\"><a href=\"http:\/\/www.unhcr.at\/mandat\/fluechtlinge.html\">[1]<\/a>\u00a0<a href=\"http:\/\/www.unhcr.at\/mandat\/genfer-fluechtlingskonvention.html\">[2]<\/a><\/div>\n<div id=\"magicdomid7\" class=\"\"><span class=\"author-a-7rz67zz89zz72zz76zz90z9z73zz77zwfuz83zz76ze\">\u00a0<\/span><\/div>\n<div id=\"magicdomid8\" class=\"\"><span class=\"author-a-7rz67zz89zz72zz76zz90z9z73zz77zwfuz83zz76ze b\"><b>Fl\u00fcchtlinge\/Asyl(be)werber\/Asylanten\/Migranten\/Wirtschaftsfl\u00fcchtlinge\/\u2026 ???<\/b><\/span><\/div>\n<div id=\"magicdomid74\" class=\"ace-line\"><span class=\"author-a-7rz67zz89zz72zz76zz90z9z73zz77zwfuz83zz76ze\">Asylbewerber (auch Asylsuchende) sind all jene, die in einem Land, das nicht ihr Heimatland ist Asyl, also Aufnahme und Schutz, beantragt haben. Das recht auf Asyl haben ausschlie\u00dflich Personen, die nach V\u00f6lkerrecht (Genfer Konvention) als Fl\u00fcchtlinge gelten (Definition siehe oben).\u00a0<\/span><\/div>\n<div id=\"magicdomid75\" class=\"ace-line\"><span class=\"author-a-7rz67zz89zz72zz76zz90z9z73zz77zwfuz83zz76ze\">Das Wort Asylant wird nicht offiziell von Beh\u00f6rden verwendet und ist oft abwertend gemeint.\u00a0 Personen, die aus andern als diesen Gr\u00fcnden ihr Land verlassen, werden als Migranten angesehen.<\/span><\/div>\n<div id=\"magicdomid76\" class=\"ace-line\"><span class=\"author-a-7rz67zz89zz72zz76zz90z9z73zz77zwfuz83zz76ze\">Es gibt keine Wirtschaftsfl\u00fcchtlinge! Dies ist ein Begriff der, ebenfalls oft abwertend gemeint, auf das Thema des Asylmissbrauch hinweisen soll.\u00a0<\/span><\/div>\n<div id=\"magicdomid78\" class=\"ace-line\"><span class=\"author-a-7rz67zz89zz72zz76zz90z9z73zz77zwfuz83zz76ze\">Eine Person, die von einer Beh\u00f6rde Asyl gew\u00e4hrt bekommen hat, ist als Fl\u00fcchtling (anerkannte Fl\u00fcchtlinge, Konvensionsfl\u00fcchtlinge) anzusehen!\u00a0<\/span><\/div>\n<div id=\"magicdomid95\" class=\"ace-line\"><span class=\"author-a-7rz67zz89zz72zz76zz90z9z73zz77zwfuz83zz76ze\">Personen, die nicht verfolgt werden und deren Asylantrag deshalb abgewiesen wurde, aber deren Leben oder Unversehrtheit im Herkunftsstaat bedroht wird, erhalten\u00a0<\/span><span class=\"author-a-z75ztz84zmz71zz69zbolgz71zz73zz69zz70zbz90z\">s<\/span><span class=\"author-a-7rz67zz89zz72zz76zz90z9z73zz77zwfuz83zz76ze\">ubsidi\u00e4ren Schutz.<\/span>\u00a0<span class=\"author-a-7rz67zz89zz72zz76zz90z9z73zz77zwfuz83zz76ze\">Sie sind keine Asylberechtigten (<\/span><span class=\"author-a-z75ztz84zmz71zz69zbolgz71zz73zz69zz70zbz90z\">keine\u00a0<\/span><span class=\"author-a-7rz67zz89zz72zz76zz90z9z73zz77zwfuz83zz76ze\">anerkannte<\/span><span class=\"author-a-z75ztz84zmz71zz69zbolgz71zz73zz69zz70zbz90z\">n<\/span><span class=\"author-a-7rz67zz89zz72zz76zz90z9z73zz77zwfuz83zz76ze\">\u00a0Fl\u00fcchtlinge), erhalten aber einen befristeten Schutz vor Abschiebung.<\/span><\/div>\n<div id=\"magicdomid12\" class=\"\"><a href=\"http:\/\/www.unhcr.at\/mandat\/asylsuchende.html\">[1]<\/a>\u00a0<a href=\"http:\/\/www.unhcr.at\/unhcr\/in-oesterreich\/fluechtlingsland-oesterreich\/questions-and-answers\/asylsuchende-in-oesterreich.html\">[2]<\/a>\u00a0<a href=\"https:\/\/www.help.gv.at\/Portal.Node\/hlpd\/public\/content\/321\/Seite.3210001.html\">[3]<\/a>\u00a0<a href=\"http:\/\/www.menschen-leben.at\/asyl\/asyl-in-osterreich\/\">[4]<\/a>\u00a0<a href=\"https:\/\/de.wikipedia.org\/wiki\/Asylbewerber\">[5]<\/a><\/div>\n<div id=\"magicdomid17\" class=\"\"><span class=\"author-a-7rz67zz89zz72zz76zz90z9z73zz77zwfuz83zz76ze\">\u00a0<\/span><\/div>\n<div id=\"magicdomid96\" class=\"ace-line\"><span class=\"author-a-7rz67zz89zz72zz76zz90z9z73zz77zwfuz83zz76ze b\"><b>Zahlen und Fakten<\/b><\/span><span class=\"author-a-7rz67zz89zz72zz76zz90z9z73zz77zwfuz83zz76ze\">\u00a0<\/span><\/div>\n<div id=\"magicdomid106\" class=\"ace-line\"><span class=\"author-a-7rz67zz89zz72zz76zz90z9z73zz77zwfuz83zz76ze\">In diesem grenzenlosen\u00a0<\/span><span class=\"author-a-z75ztz84zmz71zz69zbolgz71zz73zz69zz70zbz90z\">w<\/span><span class=\"author-a-7rz67zz89zz72zz76zz90z9z73zz77zwfuz83zz76ze\">orld wide web geht ja so\u00a0<\/span><span class=\"author-a-z75ztz84zmz71zz69zbolgz71zz73zz69zz70zbz90z\">Ei<\/span><span class=\"author-a-7rz67zz89zz72zz76zz90z9z73zz77zwfuz83zz76ze\">niges um, wir empfehlen daher dringend, immer verl\u00e4ssliche Referenzen zu verwenden. Das ist ganz einfach, wenn es um die Statistiken von Asylantr\u00e4gen in \u00d6sterreich geht, zum Beispiel hier:<\/span><\/div>\n<div class=\"ace-line\"><span class=\"author-a-7rz67zz89zz72zz76zz90z9z73zz77zwfuz83zz76ze url\"><a href=\"http:\/\/www.bmi.gv.at\/cms\/BMI_Asylwesen\/statistik\/start.aspx\">http:\/\/www.bmi.gv.at\/cms\/BMI_Asylwesen\/statistik\/start.aspx<\/a><\/span><\/div>\n<div class=\"ace-line\"><span class=\"author-a-7rz67zz89zz72zz76zz90z9z73zz77zwfuz83zz76ze\">Direkter wird die Quelle nicht.<\/span><\/div>\n<div id=\"magicdomid124\" class=\"ace-line\"><span class=\"author-a-7rz67zz89zz72zz76zz90z9z73zz77zwfuz83zz76ze\">Die in Relation zu den Vorjahren deutlich h\u00f6heren Fl\u00fcchtlingszahlen im Jahr 2015 wurden oft zum Anlass f\u00fcr Panikmache genommen.<\/span>\u00a0<span class=\"author-a-7rz67zz89zz72zz76zz90z9z73zz77zwfuz83zz76ze\">Betrachtet man jedoch diese Zahlen \u00fcber gr\u00f6\u00dfere Zeitr\u00e4ume als nur ein paar Jahre, ergibt sich eventuell ein differenzierteres Bild. Hierzu zwei interessante links:<\/span><\/div>\n<div class=\"ace-line\"><span class=\"author-a-7rz67zz89zz72zz76zz90z9z73zz77zwfuz83zz76ze url\"><a href=\"http:\/\/www.unhcr.at\/unhcr\/in-oesterreich\/fluechtlingsland-oesterreich.html\">http:\/\/www.unhcr.at\/unhcr\/in-oesterreich\/fluechtlingsland-oesterreich.html<\/a><\/span><\/div>\n<div class=\"ace-line\"><span class=\"author-a-7rz67zz89zz72zz76zz90z9z73zz77zwfuz83zz76ze url\"><a href=\"https:\/\/www.facebook.com\/video.php?v=644224055697811\">https:\/\/www.facebook.com\/video.php?v=644224055697811<\/a><\/span><\/div>\n<div class=\"ace-line\"><span class=\"author-a-7rz67zz89zz72zz76zz90z9z73zz77zwfuz83zz76ze\">Politische Parteien verwenden hier oft einfache Erkl\u00e4rungen f\u00fcr komplexe Probleme, um Stimmungsmache zu be<\/span><span class=\"author-a-60z84zz78zz84ziz80zhll1z122zjoz70za\">t<\/span><span class=\"author-a-7rz67zz89zz72zz76zz90z9z73zz77zwfuz83zz76ze\">reiben und damit W\u00e4hlerstimmen zu lukrieren. Es empfiehlt sich, sich bei seri\u00f6sen Quellen selbst zu informieren.<\/span><\/div>\n<div id=\"magicdomid21\" class=\"\"><span class=\"author-a-7rz67zz89zz72zz76zz90z9z73zz77zwfuz83zz76ze\">\u00a0<\/span><\/div>\n<div id=\"magicdomid22\" class=\"\"><span class=\"author-a-7rz67zz89zz72zz76zz90z9z73zz77zwfuz83zz76ze b\"><b>F\u00f6rderung und Leistung f\u00fcr Asylsuchende in \u00d6sterreich<\/b><\/span><\/div>\n<div id=\"magicdomid125\" class=\"ace-line\"><span class=\"author-a-7rz67zz89zz72zz76zz90z9z73zz77zwfuz83zz76ze\">Ein Asyl-Verfahren kann sich oft \u00fcber einen lange Zeitraum\u00a0<\/span><span class=\"author-a-z75ztz84zmz71zz69zbolgz71zz73zz69zz70zbz90z\">er<\/span><span class=\"author-a-7rz67zz89zz72zz76zz90z9z73zz77zwfuz83zz76ze\">strecken (unserer Meinung nach oft eine nicht tolerierbare Zeitspanne!).<\/span><\/div>\n<div id=\"magicdomid24\" class=\"\"><span class=\"author-a-7rz67zz89zz72zz76zz90z9z73zz77zwfuz83zz76ze\">\u00a0<\/span><\/div>\n<div id=\"magicdomid25\" class=\"\"><span class=\"author-a-7rz67zz89zz72zz76zz90z9z73zz77zwfuz83zz76ze\">\u201eDie Betreuung und Grundversorgung von Asylwerbern und anderen hilfsbed\u00fcrftigen Fremden wird auf Bundesebene durch das Grundversorgungsgesetz &#8211; Bund 2005 (BGBl. Nr. I 100\/2005 idF BGBl. I Nr. 122\/2009) sowie in den L\u00e4ndern durch eigene Landesgesetze geregelt.<\/span><\/div>\n<div id=\"magicdomid26\" class=\"\"><span class=\"author-a-7rz67zz89zz72zz76zz90z9z73zz77zwfuz83zz76ze\">Rechtsgrundlage f\u00fcr die bundesweit einheitliche Gew\u00e4hrleistung der vor\u00fcbergehenden Grundversorgung f\u00fcr hilfs- und schutzbed\u00fcrftige Fremde bildet die Grundversorgungsvereinbarung (GVV) zwischen dem Bund und den Bundesl\u00e4ndern gem. Art. 15a B-VG (BGBl. Nr. I 80\/2004).\u201c\u00a0<a href=\"http:\/\/www.bmi.gv.at\/cms\/BMI_Asylwesen\/betreuung\/start.aspx\">[1]\u00a0<\/a><\/span><\/div>\n<div id=\"magicdomid27\" class=\"\"><span class=\"author-a-7rz67zz89zz72zz76zz90z9z73zz77zwfuz83zz76ze\">\u00a0<\/span><\/div>\n<div id=\"magicdomid28\" class=\"\"><span class=\"author-a-7rz67zz89zz72zz76zz90z9z73zz77zwfuz83zz76ze\">Folgende Leistungen sind in der Grundversorgung enthalten:<\/span><\/div>\n<div id=\"magicdomid29\" class=\"\"><span class=\"author-a-7rz67zz89zz72zz76zz90z9z73zz77zwfuz83zz76ze\">Asylsuchende, die in organisierten Unterk\u00fcnften wohnen, erhalten max. 19 \u20ac pro Person und Tag f\u00fcr Unterbringung und Verpflegung. Dieser Betrag geht direkt an die Unterbringungseinrichtung und wird nicht an die Asylsuchenden ausbezahlt. In Selbstversorgungsquartieren, in welchen sich die Asylsuchenden selbst um ihre Verpflegung k\u00fcmmern, werden von diesen 19 \u20ac zwischen 3,50-6,50 \u20ac an die Asylsuchenden f\u00fcr die Verpflegung ausbezahlt. Zus\u00e4tzliche erhalten Asylsuchende Max. 40 \u20ac pro Person und Monat f\u00fcr alle pers\u00f6nlichen Ausgaben.<\/span><\/div>\n<div id=\"magicdomid30\" class=\"\"><span class=\"author-a-7rz67zz89zz72zz76zz90z9z73zz77zwfuz83zz76ze\">Asylsuchende, die selbst\u00e4ndig wohnen erhalten max. 320 \u20ac pro Person und Monat f\u00fcr alle anfallenden Kosten.<\/span><\/div>\n<div class=\"\"><a href=\"http:\/\/www.unhcr.at\/unhcr\/in-oesterreich\/fluechtlingsland-oesterreich\/questions-and-answers\/asylsuchende-in-oesterreich.html\">[1]\u00a0<\/a><a href=\"http:\/\/www.bmi.gv.at\/cms\/BMI_Asylwesen\/betreuung\/start.aspx\">[2]<\/a><\/div>\n<div id=\"magicdomid126\" class=\"ace-line\"><span class=\"author-a-7rz67zz89zz72zz76zz90z9z73zz77zwfuz83zz76ze\">\u00a0\u00a0<\/span><\/div>\n<div id=\"magicdomid37\" class=\"\"><span class=\"author-a-7rz67zz89zz72zz76zz90z9z73zz77zwfuz83zz76ze\">\u201eLaut Ausl\u00e4nderbesch\u00e4ftigungsgesetz (AuslBG) haben Personen, die seit drei Monaten zum Asylverfahren zugelassen sind, Zugang zum \u00f6sterreichischen Arbeitsmarkt. Voraussetzung f\u00fcr eine legale Besch\u00e4ftigung ist die Erteilung einer Besch\u00e4ftigungsbewilligung.\u201c\u00a0<a href=\"http:\/\/www.asyl.at\/fakten_2\/faq_arbeitsmarktzugang.pdf\">[1]<\/a>\u00a0<\/span><\/div>\n<div id=\"magicdomid39\" class=\"\"><span class=\"author-a-7rz67zz89zz72zz76zz90z9z73zz77zwfuz83zz76ze\">\u201eSie wird AsylwerberInnen in aller Regel nur f\u00fcr Saisonarbeit im Gastgewerbe oder in der Land- wirtschaft f\u00fcr die Dauer von sechs Monaten erteilt.&#8221;\u00a0<a href=\"http:\/\/www.ams.at\/_docs\/01_asylwerber.pdf\">[1]<\/a><\/span><\/div>\n<div id=\"magicdomid41\" class=\"\"><span class=\"author-a-7rz67zz89zz72zz76zz90z9z73zz77zwfuz83zz76ze\">\u00a0<\/span><\/div>\n<div id=\"magicdomid42\" class=\"\"><span class=\"author-a-7rz67zz89zz72zz76zz90z9z73zz77zwfuz83zz76ze\">\u201eDie Besch\u00e4ftigungsbewilligung wird nur nach erfolgter Pr\u00fcfung der Arbeitsmarktlage erteilt. Das hei\u00dft, Asylwerber*innen bekommen die zu besetzende offene Stelle nur nach einem Ersatzkraftverfahren, also wenn daf\u00fcr weder ein*e arbeitslose*r \u00d6sterreicher*in, noch ein*e Ausl\u00e4nder*in mit Anspruch auf Leistungen aus der Arbeitslosenversicherung, EU- oder EWR- B\u00fcrger*in mit Arbeitsmarktzugang, Schweizer*in oder t\u00fcrkische*r Assoziationsarbeitnehmer*in, Ausl\u00e4nder*in mit unbeschr\u00e4nktem Arbeitsmarktzugang oder Inhaber*in eines Befreiungsscheins oder einer Arbeitserlaubnis zur Verf\u00fcgung steht.\u201c\u00a0<a href=\"http:\/\/www.asyl.at\/fakten_2\/faq_arbeitsmarktzugang.pdf\">[1]<\/a><\/span><\/div>\n<div id=\"magicdomid44\" class=\"\"><span class=\"author-a-7rz67zz89zz72zz76zz90z9z73zz77zwfuz83zz76ze\">F\u00fcr weiter Informationen zum Thema Besch\u00e4ftigung verweisen wir auf die beiden folgenden links:<\/span><\/div>\n<div class=\"\"><span class=\"author-a-7rz67zz89zz72zz76zz90z9z73zz77zwfuz83zz76ze url\"><a href=\"http:\/\/www.asyl.at\/fakten_2\/faq_arbeitsmarktzugang.pdf\">http:\/\/www.asyl.at\/fakten_2\/faq_arbeitsmarktzugang.pdf<\/a><\/span><span class=\"author-a-7rz67zz89zz72zz76zz90z9z73zz77zwfuz83zz76ze\">\u00a0(sehr lesenswert!)<\/span><\/div>\n<div id=\"magicdomid45\" class=\"\"><span class=\"author-a-7rz67zz89zz72zz76zz90z9z73zz77zwfuz83zz76ze url\"><a href=\"http:\/\/www.ams.at\/_docs\/01_asylwerber.pdf\">http:\/\/www.ams.at\/_docs\/01_asylwerber.pdf<\/a><\/span><\/div>\n<div id=\"magicdomid46\" class=\"\"><span class=\"author-a-7rz67zz89zz72zz76zz90z9z73zz77zwfuz83zz76ze\">\u00a0<\/span><\/div>\n<div id=\"magicdomid47\" class=\"\"><span class=\"author-a-7rz67zz89zz72zz76zz90z9z73zz77zwfuz83zz76ze\">\u00a0<\/span><\/div>\n<div id=\"magicdomid48\" class=\"\"><span class=\"author-a-7rz67zz89zz72zz76zz90z9z73zz77zwfuz83zz76ze b\"><b>F\u00f6rderung und Leistung f\u00fcr Asylberechtigte in \u00d6sterreich<\/b><\/span><\/div>\n<div id=\"magicdomid49\" class=\"\"><span class=\"author-a-7rz67zz89zz72zz76zz90z9z73zz77zwfuz83zz76ze\">\u00a0<\/span><\/div>\n<div id=\"magicdomid50\" class=\"\"><span class=\"author-a-7rz67zz89zz72zz76zz90z9z73zz77zwfuz83zz76ze\">\u201eAsylberechtigte und subsidi\u00e4r Schutzberechtigte sind \u00f6sterreichischen Staatsb\u00fcrgerInnen gleichgestellt, haben jedoch kein Wahlrecht. Sie d\u00fcrfen sich in \u00d6sterreich niederlassen und haben freien Zugang zum Arbeitsmarkt.\u201c\u00a0<a href=\"http:\/\/www.ams.at\/vbg\/service-arbeitsuchende\/arbeitsuche\/asylberechtigte-subsidiaer-schutzberechtigte\">[1]<\/a>\u00a0<a href=\"https:\/\/www.wko.at\/Content.Node\/Service\/Bildung-und-Lehre\/Lehre\/Rechtsinformation\/Beschaeftigung_Auslaender.html\">[2]<\/a><\/span><\/div>\n<div id=\"magicdomid54\" class=\"\"><span class=\"author-a-7rz67zz89zz72zz76zz90z9z73zz77zwfuz83zz76ze\">\u00a0<\/span><\/div>\n<div id=\"magicdomid55\" class=\"\"><span class=\"author-a-7rz67zz89zz72zz76zz90z9z73zz77zwfuz83zz76ze\">\u201ePersonen, deren Asylantrag positiv entschieden wurde (Asylberechtigte), erhalten seit der letzten Novelle &#8220;Asyl auf Zeit&#8221; vorerst ein befristetes Aufenthaltsrecht auf drei Jahre. Liegen danach die Voraussetzungen f\u00fcr die Einleitung eines Aberkennungsverfahrens nicht vor, kommt es von Gesetzes wegen zu einem unbefristeten Aufenthaltsrecht\u201c\u00a0<a href=\"https:\/\/www.help.gv.at\/Portal.Node\/hlpd\/public\/content\/321\/Seite.3210001.html\">[1]<\/a>\u00a0<\/span><\/div>\n<div id=\"magicdomid57\" class=\"\"><span class=\"author-a-7rz67zz89zz72zz76zz90z9z73zz77zwfuz83zz76ze\">\u00a0<\/span><\/div>\n<div id=\"magicdomid58\" class=\"\"><span class=\"author-a-7rz67zz89zz72zz76zz90z9z73zz77zwfuz83zz76ze\">\u00a0<\/span><\/div>\n<div id=\"magicdomid136\" class=\"ace-line\"><span class=\"author-a-7rz67zz89zz72zz76zz90z9z73zz77zwfuz83zz76ze b\"><b>Zu guter\u00a0<\/b><\/span><span class=\"author-a-z75ztz84zmz71zz69zbolgz71zz73zz69zz70zbz90z b\"><b>L<\/b><\/span><span class=\"author-a-7rz67zz89zz72zz76zz90z9z73zz77zwfuz83zz76ze b\"><b>etzt<\/b><\/span><b>\u00a0<\/b><\/div>\n<div class=\"ace-line\"><span class=\"author-a-7rz67zz89zz72zz76zz90z9z73zz77zwfuz83zz76ze\">hier noch ein Link, der so gut wie alle noch offenen Fragen kl\u00e4ren sollte<\/span><span class=\"author-a-z75ztz84zmz71zz69zbolgz71zz73zz69zz70zbz90z\">:<\/span><\/div>\n<div class=\"ace-line\"><span class=\"author-a-7rz67zz89zz72zz76zz90z9z73zz77zwfuz83zz76ze url\"><a href=\"http:\/\/www.unhcr.at\/fileadmin\/user_upload\/dokumente\/02_unhcr\/in_oesterreich\/Questions_Answers_2013.pdf\">http:\/\/www.unhcr.at\/fileadmin\/user_upload\/dokumente\/02_unhcr\/in_oesterreich\/Questions_Answers_2013.pdf<\/a><\/span><\/div>\n<div id=\"magicdomid60\" class=\"\"><span class=\"author-a-7rz67zz89zz72zz76zz90z9z73zz77zwfuz83zz76ze\">\u00a0<\/span><\/div>\n","protected":false},"excerpt":{"rendered":"<p>STAND FEBRUAR 2017 Hier und im\u00a0Weiteren soll ein wenig \u00dcbersicht in das undurchdringliche Chaos des vermeintlichen Fl\u00fcchtlings-Wellen-Ansturm-Disasters, als welches es uns so gerne pr\u00e4sentiert wird, gebracht werden. \u00a0 Wer ist Fl\u00fcchtling? Nach internationelem Recht (Genfer Fl\u00fcchtlingskonvention) ist ein Fl\u00fcchtling eine Person, die sich au\u00dferhalb ihres Heimatlands befindet und eine wohlbegr\u00fcndete Furcht vor Verfolgung aufgrund ihrer [&hellip;]<\/p>\n","protected":false},"author":48,"featured_media":0,"parent":5544,"menu_order":0,"comment_status":"closed","ping_status":"closed","template":"","meta":[],"_links":{"self":[{"href":"https:\/\/physik.nawi.at\/index.php\/wp-json\/wp\/v2\/pages\/5555"}],"collection":[{"href":"https:\/\/physik.nawi.at\/index.php\/wp-json\/wp\/v2\/pages"}],"about":[{"href":"https:\/\/physik.nawi.at\/index.php\/wp-json\/wp\/v2\/types\/page"}],"author":[{"embeddable":true,"href":"https:\/\/physik.nawi.at\/index.php\/wp-json\/wp\/v2\/users\/48"}],"replies":[{"embeddable":true,"href":"https:\/\/physik.nawi.at\/index.php\/wp-json\/wp\/v2\/comments?post=5555"}],"version-history":[{"count":0,"href":"https:\/\/physik.nawi.at\/index.php\/wp-json\/wp\/v2\/pages\/5555\/revisions"}],"up":[{"embeddable":true,"href":"https:\/\/physik.nawi.at\/index.php\/wp-json\/wp\/v2\/pages\/5544"}],"wp:attachment":[{"href":"https:\/\/physik.nawi.at\/index.php\/wp-json\/wp\/v2\/media?parent=5555"}],"curies":[{"name":"wp","href":"https:\/\/api.w.org\/{rel}","templated":true}]}}