{"id":2817,"date":"2014-11-27T15:27:16","date_gmt":"2014-11-27T14:27:16","guid":{"rendered":"https:\/\/physik.nawi.at\/?page_id=2817"},"modified":"2023-09-20T22:14:38","modified_gmt":"2023-09-20T20:14:38","slug":"nawi-server","status":"publish","type":"page","link":"https:\/\/physik.nawi.at\/index.php\/informationen\/im-studium\/nawi-server\/","title":{"rendered":"Nawi Server"},"content":{"rendered":"<p>Wie ihr vielleicht wisst haben wir einen tollen, feinen, kleinen \u00a0Server aufgesezt, der verschiedene Dienste f\u00fcr euch anbietet.<\/p>\n<h1>Zugriff auf Nawi-Dienste<\/h1>\n<p>Zugang erhaltet ihr entweder mittels allgemeinen <strong>Studi-Account<\/strong>,\u00a0 dessen Zugangsdaten ( <strong>die sich jedes Semster \u00e4ndern<\/strong> ) ihr einfach \u00fcber eine<\/p>\n<p><strong><a href=\"https:\/\/survey.nawi.at\">&#8211;&gt;Umfrage\/Quiz&lt;&#8211;<\/a><\/strong><\/p>\n<p>erhalten\u00a0k\u00f6nnt. Alles was ihr dazu braucht, ist eine aktuell g\u00fcltige Matrikelnummer der Uni Wien.<\/p>\n<h1><a href=\"https:\/\/data.nawi.at\">Pydio, aka data.nawi.at<\/a><\/h1>\n<p><a href=\"https:\/\/physik.nawi.at\/wp-content\/uploads\/2014\/11\/Screenshot_2016-06-13_02-24-53.png\"><img loading=\"lazy\" class=\"aligncenter size-medium wp-image-4768 lazyload\" data-src=\"https:\/\/physik.nawi.at\/wp-content\/uploads\/2014\/11\/Screenshot_2016-06-13_02-24-53-300x167.png\" alt=\"Screenshot_2016-06-13_02-24-53\" width=\"300\" height=\"167\" data-srcset=\"https:\/\/physik.nawi.at\/wp-content\/uploads\/2014\/11\/Screenshot_2016-06-13_02-24-53-300x167.png 300w, https:\/\/physik.nawi.at\/wp-content\/uploads\/2014\/11\/Screenshot_2016-06-13_02-24-53-768x427.png 768w, https:\/\/physik.nawi.at\/wp-content\/uploads\/2014\/11\/Screenshot_2016-06-13_02-24-53-1024x570.png 1024w, https:\/\/physik.nawi.at\/wp-content\/uploads\/2014\/11\/Screenshot_2016-06-13_02-24-53-672x372.png 672w, https:\/\/physik.nawi.at\/wp-content\/uploads\/2014\/11\/Screenshot_2016-06-13_02-24-53-1038x576.png 1038w, https:\/\/physik.nawi.at\/wp-content\/uploads\/2014\/11\/Screenshot_2016-06-13_02-24-53.png 1669w\" data-sizes=\"(max-width: 300px) 100vw, 300px\" src=\"data:image\/gif;base64,R0lGODlhAQABAAAAACH5BAEKAAEALAAAAAABAAEAAAICTAEAOw==\" style=\"--smush-placeholder-width: 300px; --smush-placeholder-aspect-ratio: 300\/167;\" \/><noscript><img loading=\"lazy\" class=\"aligncenter size-medium wp-image-4768\" src=\"https:\/\/physik.nawi.at\/wp-content\/uploads\/2014\/11\/Screenshot_2016-06-13_02-24-53-300x167.png\" alt=\"Screenshot_2016-06-13_02-24-53\" width=\"300\" height=\"167\" srcset=\"https:\/\/physik.nawi.at\/wp-content\/uploads\/2014\/11\/Screenshot_2016-06-13_02-24-53-300x167.png 300w, https:\/\/physik.nawi.at\/wp-content\/uploads\/2014\/11\/Screenshot_2016-06-13_02-24-53-768x427.png 768w, https:\/\/physik.nawi.at\/wp-content\/uploads\/2014\/11\/Screenshot_2016-06-13_02-24-53-1024x570.png 1024w, https:\/\/physik.nawi.at\/wp-content\/uploads\/2014\/11\/Screenshot_2016-06-13_02-24-53-672x372.png 672w, https:\/\/physik.nawi.at\/wp-content\/uploads\/2014\/11\/Screenshot_2016-06-13_02-24-53-1038x576.png 1038w, https:\/\/physik.nawi.at\/wp-content\/uploads\/2014\/11\/Screenshot_2016-06-13_02-24-53.png 1669w\" sizes=\"(max-width: 300px) 100vw, 300px\" \/><\/noscript><\/a><\/p>\n<p>Ist unser kollektiv verwalteter Datenspeicher zum Sammeln von studienbezogenen Materialien oder Infomaterial ( Skripte, (teilweise gel\u00f6ste) \u00dcbungsbeispiele, Altfragen).<\/p>\n<p>Das ganze Projekt lebt davon, dass Studierende (also &#8220;Ihr&#8221;) <strong>interessante und n\u00fctzliche\u00a0Dinge,<\/strong> \u00fcber die ihr stolpert\u00a0\u00a0ins &#8220;Upload&#8221; Repository hochladet &#8211; bequem, anonym und von Zuhause aus. Cool dabei w\u00e4re, wenn ihr die dinge, so benennt, damit wir dann auch wissen was es ist: also Lehrperson, Jahr, Semester und welche LV es denn ist im Namen inkludieren!<br \/>\nWir checken das ganze im Journaldienst durch und k\u00f6nnen auch gerne eure Namen schw\u00e4rzen, wenn das denn wo oben steht!<\/p>\n<p>Solltet ihr Interesse daran haben, euch einen mit unserem Pydio synchronisierten Ordner auf euren Pcs einrichten wollen, geht das mit <a href=\"https:\/\/pydio.com\/en\/get-pydio\/downloads\/pydiosync-desktop-app\"><strong>PydioSync<\/strong><\/a>.<\/p>\n<p>PS:<br \/>\nZus\u00e4tzlich gibt es noch einige Dateien, deren Copyright-Owner ihre Daten nicht allgemein zug\u00e4nglich haben m\u00f6chten. Um diese einzusehen wendet euch bitte an den <a href=\"https:\/\/physik.nawi.at\/index.php\/kontakt\/\">Journaldienst<\/a>.<\/p>\n<h1><a href=\"https:\/\/physik.nawi.at\/index.php\/aktuelles\/umfragen-und-ergebnisse\/\">Limesurvey &#8211; Umfragen\u00a0&amp; Ergebnisse<\/a><\/h1>\n<p><a href=\"https:\/\/physik.nawi.at\/wp-content\/uploads\/2014\/11\/Screenshot_2016-06-13_02-22-09.png\"><img loading=\"lazy\" class=\"aligncenter size-medium wp-image-4766 lazyload\" data-src=\"https:\/\/physik.nawi.at\/wp-content\/uploads\/2014\/11\/Screenshot_2016-06-13_02-22-09-300x206.png\" alt=\"Screenshot_2016-06-13_02-22-09\" width=\"300\" height=\"206\" data-srcset=\"https:\/\/physik.nawi.at\/wp-content\/uploads\/2014\/11\/Screenshot_2016-06-13_02-22-09-300x206.png 300w, https:\/\/physik.nawi.at\/wp-content\/uploads\/2014\/11\/Screenshot_2016-06-13_02-22-09-768x526.png 768w, https:\/\/physik.nawi.at\/wp-content\/uploads\/2014\/11\/Screenshot_2016-06-13_02-22-09-1024x702.png 1024w, https:\/\/physik.nawi.at\/wp-content\/uploads\/2014\/11\/Screenshot_2016-06-13_02-22-09.png 1210w\" data-sizes=\"(max-width: 300px) 100vw, 300px\" src=\"data:image\/gif;base64,R0lGODlhAQABAAAAACH5BAEKAAEALAAAAAABAAEAAAICTAEAOw==\" style=\"--smush-placeholder-width: 300px; --smush-placeholder-aspect-ratio: 300\/206;\" \/><noscript><img loading=\"lazy\" class=\"aligncenter size-medium wp-image-4766\" src=\"https:\/\/physik.nawi.at\/wp-content\/uploads\/2014\/11\/Screenshot_2016-06-13_02-22-09-300x206.png\" alt=\"Screenshot_2016-06-13_02-22-09\" width=\"300\" height=\"206\" srcset=\"https:\/\/physik.nawi.at\/wp-content\/uploads\/2014\/11\/Screenshot_2016-06-13_02-22-09-300x206.png 300w, https:\/\/physik.nawi.at\/wp-content\/uploads\/2014\/11\/Screenshot_2016-06-13_02-22-09-768x526.png 768w, https:\/\/physik.nawi.at\/wp-content\/uploads\/2014\/11\/Screenshot_2016-06-13_02-22-09-1024x702.png 1024w, https:\/\/physik.nawi.at\/wp-content\/uploads\/2014\/11\/Screenshot_2016-06-13_02-22-09.png 1210w\" sizes=\"(max-width: 300px) 100vw, 300px\" \/><\/noscript><\/a><\/p>\n<p>Hin und wieder machen wir Umfragen zu aktuellen Themen.<\/p>\n<p>Falls ihr selbst einmal eine Umfrage veranstalten wollt, und euch nicht mit beschr\u00e4nkten Funktionen von diversen gratis Online-Angeboten qu\u00e4len oder gar daf\u00fcr bezahlen m\u00f6chtet &#8211; meldet euch!<\/p>\n<p>Die Funktionspalette ist relativ gro\u00df [<a href=\"https:\/\/manual.limesurvey.org\/LimeSurvey_Manual\/de\">link<\/a>], und nicht nur f\u00fcr Umfragen f\u00fcr Abschlussarbeiten interessant.<\/p>\n<h1><a href=\"http:\/\/lists.nawi.at\">Email-Verteiler<\/a><\/h1>\n<p><a href=\"https:\/\/physik.nawi.at\/wp-content\/uploads\/2014\/11\/Screenshot_2016-06-13_02-37-31.png\"><img loading=\"lazy\" class=\"aligncenter size-medium wp-image-4775 lazyload\" data-src=\"https:\/\/physik.nawi.at\/wp-content\/uploads\/2014\/11\/Screenshot_2016-06-13_02-37-31-300x167.png\" alt=\"Screenshot_2016-06-13_02-37-31\" width=\"300\" height=\"167\" data-srcset=\"https:\/\/physik.nawi.at\/wp-content\/uploads\/2014\/11\/Screenshot_2016-06-13_02-37-31-300x167.png 300w, https:\/\/physik.nawi.at\/wp-content\/uploads\/2014\/11\/Screenshot_2016-06-13_02-37-31-768x427.png 768w, https:\/\/physik.nawi.at\/wp-content\/uploads\/2014\/11\/Screenshot_2016-06-13_02-37-31-1024x569.png 1024w, https:\/\/physik.nawi.at\/wp-content\/uploads\/2014\/11\/Screenshot_2016-06-13_02-37-31-672x372.png 672w, https:\/\/physik.nawi.at\/wp-content\/uploads\/2014\/11\/Screenshot_2016-06-13_02-37-31-1038x576.png 1038w, https:\/\/physik.nawi.at\/wp-content\/uploads\/2014\/11\/Screenshot_2016-06-13_02-37-31.png 1674w\" data-sizes=\"(max-width: 300px) 100vw, 300px\" src=\"data:image\/gif;base64,R0lGODlhAQABAAAAACH5BAEKAAEALAAAAAABAAEAAAICTAEAOw==\" style=\"--smush-placeholder-width: 300px; --smush-placeholder-aspect-ratio: 300\/167;\" \/><noscript><img loading=\"lazy\" class=\"aligncenter size-medium wp-image-4775\" src=\"https:\/\/physik.nawi.at\/wp-content\/uploads\/2014\/11\/Screenshot_2016-06-13_02-37-31-300x167.png\" alt=\"Screenshot_2016-06-13_02-37-31\" width=\"300\" height=\"167\" srcset=\"https:\/\/physik.nawi.at\/wp-content\/uploads\/2014\/11\/Screenshot_2016-06-13_02-37-31-300x167.png 300w, https:\/\/physik.nawi.at\/wp-content\/uploads\/2014\/11\/Screenshot_2016-06-13_02-37-31-768x427.png 768w, https:\/\/physik.nawi.at\/wp-content\/uploads\/2014\/11\/Screenshot_2016-06-13_02-37-31-1024x569.png 1024w, https:\/\/physik.nawi.at\/wp-content\/uploads\/2014\/11\/Screenshot_2016-06-13_02-37-31-672x372.png 672w, https:\/\/physik.nawi.at\/wp-content\/uploads\/2014\/11\/Screenshot_2016-06-13_02-37-31-1038x576.png 1038w, https:\/\/physik.nawi.at\/wp-content\/uploads\/2014\/11\/Screenshot_2016-06-13_02-37-31.png 1674w\" sizes=\"(max-width: 300px) 100vw, 300px\" \/><\/noscript><\/a><\/p>\n<p>Ihr habt ein Projekt auf die Beine gestellt\/ wollt ein Projekt auf die Beine Stellen? Wir haben Email-Verteiler im Angebot.<\/p>\n<h1>Du hast ne idee, die noch dringend einen Server braucht?<\/h1>\n<p>Gibt es von eurer Seite noch Anregungen, W\u00fcnsche oder Beschwerden? M\u00f6chet ihr vielleicht auch etwas einbringen?<\/p>\n<p>Wenn ja, seid ihr recht herzlich zum <a href=\"https:\/\/physik.nawi.at\/index.php\/wir\/plenum\/\">Plenum <\/a>eingeladen !<\/p>\n<p>Wir freuen uns \u00fcber\u00a0motivierte Menschen, die sich engagieren m\u00f6chten. \ud83d\ude00<\/p>\n","protected":false},"excerpt":{"rendered":"<p>Wie ihr vielleicht wisst haben wir einen tollen, feinen, kleinen \u00a0Server aufgesezt, der verschiedene Dienste f\u00fcr euch anbietet. Zugriff auf Nawi-Dienste Zugang erhaltet ihr entweder mittels allgemeinen Studi-Account,\u00a0 dessen Zugangsdaten ( die sich jedes Semster \u00e4ndern ) ihr einfach \u00fcber eine &#8211;&gt;Umfrage\/Quiz&lt;&#8211; erhalten\u00a0k\u00f6nnt. Alles was ihr dazu braucht, ist eine aktuell g\u00fcltige Matrikelnummer der Uni [&hellip;]<\/p>\n","protected":false},"author":11,"featured_media":0,"parent":6773,"menu_order":-2,"comment_status":"open","ping_status":"closed","template":"","meta":[],"_links":{"self":[{"href":"https:\/\/physik.nawi.at\/index.php\/wp-json\/wp\/v2\/pages\/2817"}],"collection":[{"href":"https:\/\/physik.nawi.at\/index.php\/wp-json\/wp\/v2\/pages"}],"about":[{"href":"https:\/\/physik.nawi.at\/index.php\/wp-json\/wp\/v2\/types\/page"}],"author":[{"embeddable":true,"href":"https:\/\/physik.nawi.at\/index.php\/wp-json\/wp\/v2\/users\/11"}],"replies":[{"embeddable":true,"href":"https:\/\/physik.nawi.at\/index.php\/wp-json\/wp\/v2\/comments?post=2817"}],"version-history":[{"count":0,"href":"https:\/\/physik.nawi.at\/index.php\/wp-json\/wp\/v2\/pages\/2817\/revisions"}],"up":[{"embeddable":true,"href":"https:\/\/physik.nawi.at\/index.php\/wp-json\/wp\/v2\/pages\/6773"}],"wp:attachment":[{"href":"https:\/\/physik.nawi.at\/index.php\/wp-json\/wp\/v2\/media?parent=2817"}],"curies":[{"name":"wp","href":"https:\/\/api.w.org\/{rel}","templated":true}]}}