{"id":2234,"date":"2014-09-24T22:02:24","date_gmt":"2014-09-24T20:02:24","guid":{"rendered":"https:\/\/physik.nawi.at\/?page_id=2234"},"modified":"2022-09-07T11:34:40","modified_gmt":"2022-09-07T09:34:40","slug":"die-vektorpost","status":"publish","type":"page","link":"https:\/\/physik.nawi.at\/index.php\/wir\/die-vektorpost\/","title":{"rendered":"Newsletter &#8211; Die Vektorpost"},"content":{"rendered":"<p>In unregelm\u00e4\u00dfigen Abst\u00e4nden (immer wenn es wichtige Ank\u00fcndigungen oder etwas Erz\u00e4hlenswertes gibt) versenden wir die sogenannte &#8220;<strong>Vektorpost&#8221;<\/strong>. Zum einen deshalb, weil nicht alle Menschen Facebook nutzen, und zum Anderen weil wir cool sind \ud83d\ude09<\/p>\n<p>Auf den Verteiler eintragen kannst du dich hier:<\/p>\n<h4><strong><a href=\"http:\/\/lists.nawi.at\">&#8211;&gt;lists.nawi.at&lt;&#8211;<br \/>\n<\/a><\/strong><\/h4>\n<p>(<a title=\"Auf Email-Verteiler eintragen\" href=\"https:\/\/physik.nawi.at\/index.php\/f-a-q\/auf-email-verteiler-eintragen\/\">Link, falls du dich nicht zurechtfindest<\/a>)<\/p>\n<p><strong>Geplante Inhalte sind:<\/strong><\/p>\n<ul>\n<li>Nachrichten und Informationen die ihr mit euren Mitstudis teilen m\u00f6chtet<\/li>\n<li>\u00c4nderungen und Ank\u00fcndigungen seitens der Fakult\u00e4t<\/li>\n<li>Studienbezogenes<\/li>\n<li>Feste und Events &#8211; auch von anderen Studienrichtungen<\/li>\n<li>Uni- &amp; Gesellschaftspolitisches \u00a0(Demonstrationen, Petitionen \u00a0 und Frechheiten wie neue Zugangsbeschr\u00e4nkungen beim Lehramt)<\/li>\n<li>Jobangebote<\/li>\n<\/ul>\n<p>Wenn ihr (nicht zeitkritische) <strong>Infos habt<\/strong>, die ihr mit euren Mitstudis <strong>teilen m\u00f6chtet,<\/strong> k\u00f6nnt ihr uns in <strong><a href=\"https:\/\/pad.nawi.at:19001\/p\/vektorpost-pad\">diesem Pad<\/a><\/strong>\u00a0 ( dem Vektorpost-Infos-teile-Pad )\u00a0Texte und Infos hinterlassen<br \/>\n( und uns zur Sicherheit vielleichtauch Bescheid geben).<\/p>\n<p><strong>Was wir nicht versenden wollen ist:<\/strong><\/p>\n<ul>\n<li>Werbung f\u00fcr Dritte &#8211;<br \/>\n<em>wir sind keine Werbeplattform f\u00fcr was auch immer f\u00fcr tolle Produkte und Angebote,\u00a0 auch wenn wir noch so oft h\u00f6ren &#8220;Tolles Sonderangebot f\u00fcr Studierende&#8221;<\/em><\/li>\n<li>monatliche &#8220;du bist eingetragen&#8221; &#8211; Mails<\/li>\n<li>die typischen Uni &amp; \u00d6H- Newsletter, die eh kein Mensch liest<\/li>\n<\/ul>\n","protected":false},"excerpt":{"rendered":"<p>In unregelm\u00e4\u00dfigen Abst\u00e4nden (immer wenn es wichtige Ank\u00fcndigungen oder etwas Erz\u00e4hlenswertes gibt) versenden wir die sogenannte &#8220;Vektorpost&#8221;. Zum einen deshalb, weil nicht alle Menschen Facebook nutzen, und zum Anderen weil wir cool sind \ud83d\ude09 Auf den Verteiler eintragen kannst du dich hier: &#8211;&gt;lists.nawi.at&lt;&#8211; (Link, falls du dich nicht zurechtfindest) Geplante Inhalte sind: Nachrichten und Informationen [&hellip;]<\/p>\n","protected":false},"author":11,"featured_media":0,"parent":6819,"menu_order":6,"comment_status":"open","ping_status":"closed","template":"","meta":[],"_links":{"self":[{"href":"https:\/\/physik.nawi.at\/index.php\/wp-json\/wp\/v2\/pages\/2234"}],"collection":[{"href":"https:\/\/physik.nawi.at\/index.php\/wp-json\/wp\/v2\/pages"}],"about":[{"href":"https:\/\/physik.nawi.at\/index.php\/wp-json\/wp\/v2\/types\/page"}],"author":[{"embeddable":true,"href":"https:\/\/physik.nawi.at\/index.php\/wp-json\/wp\/v2\/users\/11"}],"replies":[{"embeddable":true,"href":"https:\/\/physik.nawi.at\/index.php\/wp-json\/wp\/v2\/comments?post=2234"}],"version-history":[{"count":0,"href":"https:\/\/physik.nawi.at\/index.php\/wp-json\/wp\/v2\/pages\/2234\/revisions"}],"up":[{"embeddable":true,"href":"https:\/\/physik.nawi.at\/index.php\/wp-json\/wp\/v2\/pages\/6819"}],"wp:attachment":[{"href":"https:\/\/physik.nawi.at\/index.php\/wp-json\/wp\/v2\/media?parent=2234"}],"curies":[{"name":"wp","href":"https:\/\/api.w.org\/{rel}","templated":true}]}}