{"id":13736,"date":"2023-07-19T14:55:50","date_gmt":"2023-07-19T12:55:50","guid":{"rendered":"https:\/\/physik.nawi.at\/?page_id=13736"},"modified":"2023-10-02T21:16:50","modified_gmt":"2023-10-02T19:16:50","slug":"ersti-tutorien-2023","status":"publish","type":"page","link":"https:\/\/physik.nawi.at\/index.php\/informationen\/vor-dem-studium\/erstitut\/ersti-tutorien-2023\/","title":{"rendered":"Ersti-Tutorien 2023"},"content":{"rendered":"<div id=\"pl-13736\"  class=\"panel-layout\" ><div id=\"pg-13736-0\"  class=\"panel-grid panel-no-style\" ><div id=\"pgc-13736-0-0\"  class=\"panel-grid-cell\" ><div id=\"panel-13736-0-0-0\" class=\"so-panel widget widget_sow-editor panel-first-child panel-last-child\" data-index=\"0\" ><div\n\t\t\t\n\t\t\tclass=\"so-widget-sow-editor so-widget-sow-editor-base\"\n\t\t\t\n\t\t>\n<div class=\"siteorigin-widget-tinymce textwidget\">\n\t<p>Wie auch in den letzten Jahren werden dieses Semester wieder <a href=\"https:\/\/physik.nawi.at\/index.php\/informationen\/vor-dem-studium\/erstitut\/\">Erstitute <\/a>angeboten! Doch was ist so ein Erstitut eigentlich?<\/p>\n<p>Das Erstsemestrigen Tutorium (abgek\u00fcrzt Erstitut) dient vor allem der Vernetzung von Erstsemestrigen untereinander, dem Kl\u00e4ren von Fragen zum Studium, aber auch als Abwechslung zum vielen Lernen. Zus\u00e4tzlich lernt man auch H\u00f6hersemestrige Studierende kennen (Vorteilhaft, wenn man sich die Tipps und Tricks im Studium abschauen m\u00f6chte :D). Die Erstitute werden von freiwilligen H\u00f6hersemestrigen organisiert und bieten ein vielf\u00e4ltiges Programm zu unterschiedlichen Zeiten, an unterschiedlichen Tagen, in der Woche, an.<\/p>\n<p>Hierbei sollte noch erw\u00e4hnt werden, dass alle Erstitute freiwillig sind, man immer auch nachkommen kann und, dass man nat\u00fcrlich auch mehrere Erstitute besuchen kann.<\/p>\n<p>Ab der Erstitutsvorstellung wird es einen E-Mail-Verteiler f\u00fcr das w\u00f6chentliche Programm der Erstitute geben.<\/p>\n<p>Die Vorstellung der Erstitute findet dieses Jahr am Donnerstag, dem 05.10.2023 um 15 Uhr im Rahmen der Orientierungsveranstaltung statt. Hier stellen sich jedoch noch einmal kurz alle Gruppen vor.<\/p>\n<\/div>\n<\/div><\/div><\/div><\/div><div id=\"pg-13736-1\"  class=\"panel-grid panel-no-style\" ><div id=\"pgc-13736-1-0\"  class=\"panel-grid-cell\" ><div id=\"panel-13736-1-0-0\" class=\"so-panel widget widget_sow-editor panel-first-child panel-last-child\" data-index=\"1\" ><div\n\t\t\t\n\t\t\tclass=\"so-widget-sow-editor so-widget-sow-editor-base\"\n\t\t\t\n\t\t><h3 class=\"widget-title\">Gravitution: Montag 19:00<\/h3>\n<div class=\"siteorigin-widget-tinymce textwidget\">\n\t<p>Die schwache Wechselwirkung. Wie der Name schon sagt: Schwach, langweilig und \u00fcberhaupt nicht wichtig.<\/p>\n<p>Die starke Wechselwirkung ist wie die schwache Wechselwirkung: Sie erreicht eh niemanden.<\/p>\n<p>Die elektromagnetische Wechselwirkung bringt uns Dinge wie das Radio, Telegramme und Faxger\u00e4te: Alles unn\u00f6tig, veraltet und niemand braucht es.<\/p>\n<p>Die Gravitution. Sie zieht die Massen an. Sie bindet Erstis aneinander. Sie h\u00e4lt uns am Boden der Tatsachen. Viele haben sich an ihr den Kopf zerbrochen (Sir Isaac Newton), darum wollen wir euch erkl\u00e4ren, was sie so TUT:<\/p>\n<p>Hallo! Wir sind Gravitution, das attraktive Erstitut. In unseren w\u00f6chentlichen Zusammenk\u00fcnften wollen wir mit euch<br \/>\nbeispielsweise:<\/p>\n<ul>\n<li>Gesellschaftsspiele spielen<\/li>\n<li>Eine Schnitzeljagd durch die Uni machen<\/li>\n<li>Ein Pubquiz veranstalten<\/li>\n<li>Einen Weihnachtsmarkt besuchen<\/li>\n<li>Filme schauen<\/li>\n<li>Ein Mario Kart-\/Smash-Turnier veranstalten<\/li>\n<li>Einen Karaokeabend abhalten<\/li>\n<\/ul>\n<p>und vieles mehr. Nat\u00fcrlich gehen wir auch gerne auf eure Ideen ein und machen das, was euch gef\u00e4llt. <\/p>\n<p>Unser Erstitut findet jeden Montag um 19:00 statt. Den genauen Treffpunkt erfahrt ihr in der w\u00f6chentlichen<br \/>\nE-Mail oder in unserer WhatsApp-Gruppe. <\/p>\n<p>Wir freuen uns auf euch!<br \/>\nAnastasia, Max und Michael <\/p>\n<p>\u201eGravitution ist nicht verantwortlich f\u00fcr Menschen, die sich verlieben\u201c - Albert Einstein, begeisterter<br \/>\nErstitut-Besucher<\/p>\n<\/div>\n<\/div><\/div><\/div><\/div><div id=\"pg-13736-2\"  class=\"panel-grid panel-no-style\" ><div id=\"pgc-13736-2-0\"  class=\"panel-grid-cell\" ><div id=\"panel-13736-2-0-0\" class=\"so-panel widget widget_sow-editor panel-first-child panel-last-child\" data-index=\"2\" ><div\n\t\t\t\n\t\t\tclass=\"so-widget-sow-editor so-widget-sow-editor-base\"\n\t\t\t\n\t\t><h3 class=\"widget-title\">SIMP: Mittwoch 12:00<\/h3>\n<div class=\"siteorigin-widget-tinymce textwidget\">\n\t<p>Laut einem Bericht des britischen Geheimdienstes zu einer schwedischen Studie durchgef\u00fchrt an Finnen ist Bewegung f\u00f6rderlich f\u00fcr die Lernleistung (:<\/p>\n<p>Deshalb gibt es uns, das <strong>S<\/strong>port <strong>I<\/strong>st <strong>M<\/strong>ord <strong>P<\/strong>rojekt. Wir sind das Erstitut, dass Bewegung in euren Studienalltag bringt \ud83d\ude42<\/p>\n<p>Unser Plan ist, euch jeden Mittwoch um 12:00 Uhr an die frische Luft zu bringen. Dort werden wir gemeinsam leichtes Spiel und Sport machen. Wer mitmachen will, braucht nichts au\u00dfer ein bisschen Motivation und Zeit.<\/p>\n<p>Wir freuen uns auf euch (:<br \/>\nEure Tutor:innen: Vinzent, Marlene und Laszlo<\/p>\n<\/div>\n<\/div><\/div><\/div><\/div><div id=\"pg-13736-3\"  class=\"panel-grid panel-no-style\" ><div id=\"pgc-13736-3-0\"  class=\"panel-grid-cell\" ><div id=\"panel-13736-3-0-0\" class=\"so-panel widget widget_sow-editor panel-first-child panel-last-child\" data-index=\"3\" ><div\n\t\t\t\n\t\t\tclass=\"so-widget-sow-editor so-widget-sow-editor-base\"\n\t\t\t\n\t\t><h3 class=\"widget-title\">TaT\u00fcTaTuT: Donnerstag 18:30<\/h3>\n<div class=\"siteorigin-widget-tinymce textwidget\">\n\t<p>Verhalten bei zu komplizierten \u00dcbungsaufgaben: \\\\<\/p>\n<ol>\n<li>TaT\u00fcTaTuT Kontaktieren\n<ol>\n<li>WER meldet?<\/li>\n<li>WAS ist passiert?<\/li>\n<li>WIE VIELE \u00dcbungbl\u00e4tter sind zu l\u00f6sen?<\/li>\n<li>WO ist etwas passiert?<\/li>\n<li>WARTEN auf Erstitutstermin<\/li>\n<\/ol>\n<\/li>\n<li>In Sicherheit bringen\n<ol>\n<li>Verzweifelte Personen mitnehmen<\/li>\n<li>Google Tabs schlie\u00dfen<\/li>\n<li>Gekennzeichneten Rechenweg folgen.<\/li>\n<li>Aufzug auf jeden Fall benutzen<\/li>\n<li>Altpr\u00fcfungen beachten<\/li>\n<\/ol>\n<\/li>\n<li>L\u00f6sungsversuche unternehmen\n<ol>\n<li>Durstl\u00f6scher, Wandtafel, Mittel zur M\u00fcdigkeitsbek\u00e4mpfung nutzen!<\/li>\n<\/ol>\n<\/li>\n<\/ol>\n<blockquote>\n<p>Wir l\u00f6schen eure Sorgen!<\/p>\n<\/blockquote>\n<p>Hallo, wir sind Isak, Gunda, David und Szymon vom TaT\u00fcTaTuT und schenken euch Kraft und Mut.<\/p>\n<p>Bei uns k\u00f6nnt ihr euch auf Hilfe in Not (Steop 2 \u00dcbungsbl\u00e4tter), aber auch auf sehr viel Spa\u00df mit Spiel und gutem Essen freuen. Wir haben vor, mit euch zu kochen, Spieleabende zu veranstalten, Weihnachtsm\u00e4rkte zu besuchen, aber auch sportlich Eislaufen zu gehen, Fahrrad zu fahren, oder auch zu Bouldern und noch vieles mehr.<br \/>\n<strong>Donnerstag um 18:30<\/strong> gehts bei uns jede Woche los.<\/p>\n<p>\"Unsere Hotline: Die TaT\u00fcTaTut Whatsapp Gruppe, mit 24 Stunden Service.\"<\/p>\n<\/div>\n<\/div><\/div><\/div><\/div><div id=\"pg-13736-4\"  class=\"panel-grid panel-no-style\" ><div id=\"pgc-13736-4-0\"  class=\"panel-grid-cell\" ><div id=\"panel-13736-4-0-0\" class=\"so-panel widget widget_sow-editor panel-first-child panel-last-child\" data-index=\"4\" ><div\n\t\t\t\n\t\t\tclass=\"so-widget-sow-editor so-widget-sow-editor-base\"\n\t\t\t\n\t\t><h3 class=\"widget-title\">TUTankhamoon: Donnerstag 19:30<\/h3>\n<div class=\"siteorigin-widget-tinymce textwidget\">\n\t<p>In \"TUTankhamoon\" stecken die f\u00fcnf Freunde Nina, Emilia, Fabian, Alma und Niko, der Hund, ihre Nasen tief hinein in die Gestaltung eines aufrgenden ersten Semesters.<br \/>\nDer einbalsamierte Pharao Tutankhamun und seine mystische Vergangenheit sollen ihr Glanzst\u00fcck sein. <\/p>\n<p>Doch alle, die mit der Mumie in Ber\u00fchrung kommen, werden von Aliens entf\u00fchrt und pl\u00f6tzlich bricht zu Semesterbeginn Chaos um den au\u00dferirdischen Fluch, der den Unistart ersch\u00fcttert, aus. <\/p>\n<p>Die Spur f\u00fchrt sie auf die au\u00dferirdische Vergangenheit des Tutankhamun.<br \/>\nFanatische Aliens oder faule Verschw\u00f6rungstheorien?  <\/p>\n<p>Die f\u00fcnf Freunde und ihre Erstis ermitteln jeden Donnerstag um 19:30 im Studicenter der Physikfakult\u00e4t. <\/p>\n<\/div>\n<\/div><\/div><\/div><\/div><div id=\"pg-13736-5\"  class=\"panel-grid panel-no-style\" ><div id=\"pgc-13736-5-0\"  class=\"panel-grid-cell\" ><div id=\"panel-13736-5-0-0\" class=\"so-panel widget widget_sow-editor panel-first-child panel-last-child\" data-index=\"5\" ><div\n\t\t\t\n\t\t\tclass=\"so-widget-sow-editor so-widget-sow-editor-base\"\n\t\t\t\n\t\t><h3 class=\"widget-title\">Forced Fun-time: Unterschiedlich<\/h3>\n<div class=\"siteorigin-widget-tinymce textwidget\">\n\t<p>Hallo Leute! <\/p>\n<p>Wir haben im Studium festgestellt, dass der erh\u00f6hte Kontakt mit Analysis oder Theoretischer Physik und der reduzierte Sozialkontakt leicht ins Burnout f\u00fchren k\u00f6nnen. Unser Mittel dagegen: Forced Fun Time. <\/p>\n<p>Wir zwingen uns also dazu Spa\u00df zu haben: schlechtes Gewissen weil man nix lernt oder \u00dcbungsbl\u00e4tter als Ausreden sind an diesem Abend absolut verboten!! Wir treffen uns einmal pro Woche zu Aktivit\u00e4ten, die uns gut tun, uns von der Uni entfernen und gleichzeitig auch Motivation zur\u00fcckgeben, es doch wieder eine Woche durchzuhalten. Von Wandern gehen \u00fcber Billard bis Kuchen backen kann da alles dabei sein \u2013 je nachdem worauf wir und ihr grad Lust habt. <\/p>\n<p>Wir sind bisher ein Haufen F\u00fcnftsemester, ein paar Drittsemester die wir letztes Jahr im Erstitut getroffen haben und jetzt fixe Freund:innen sind, und ein verstreuter Skandinavistikstudent der nur f\u00fcr Schabernack hier ist.<br \/>\nWenn ihr die kleinen Pausen jede Woche auch brauchen k\u00f6nnt, dann kommt gerne zu uns \u2013 ihr werdet euch untereinander besser kennenlernen, der Kontakt zu H\u00f6hersemestrigen ist immer ein Vorteil, und im Idealfall gehen wir so gemeinsam der Winterdepression und dem Uni-Burnout aus dem Weg. <\/p>\n<p>Wir freuen uns auf euch und den erzwungenen Spa\u00df!<\/p>\n<\/div>\n<\/div><\/div><\/div><\/div><\/div>","protected":false},"excerpt":{"rendered":"<p>Wie auch in den letzten Jahren werden dieses Semester wieder Erstitute angeboten! Doch was ist so ein Erstitut eigentlich? Das Erstsemestrigen Tutorium (abgek\u00fcrzt Erstitut) dient vor allem der Vernetzung von Erstsemestrigen untereinander, dem Kl\u00e4ren von Fragen zum Studium, aber auch als Abwechslung zum vielen Lernen. Zus\u00e4tzlich lernt man auch H\u00f6hersemestrige Studierende kennen (Vorteilhaft, wenn man [&hellip;]<\/p>\n","protected":false},"author":86,"featured_media":0,"parent":6763,"menu_order":0,"comment_status":"closed","ping_status":"closed","template":"","meta":[],"_links":{"self":[{"href":"https:\/\/physik.nawi.at\/index.php\/wp-json\/wp\/v2\/pages\/13736"}],"collection":[{"href":"https:\/\/physik.nawi.at\/index.php\/wp-json\/wp\/v2\/pages"}],"about":[{"href":"https:\/\/physik.nawi.at\/index.php\/wp-json\/wp\/v2\/types\/page"}],"author":[{"embeddable":true,"href":"https:\/\/physik.nawi.at\/index.php\/wp-json\/wp\/v2\/users\/86"}],"replies":[{"embeddable":true,"href":"https:\/\/physik.nawi.at\/index.php\/wp-json\/wp\/v2\/comments?post=13736"}],"version-history":[{"count":0,"href":"https:\/\/physik.nawi.at\/index.php\/wp-json\/wp\/v2\/pages\/13736\/revisions"}],"up":[{"embeddable":true,"href":"https:\/\/physik.nawi.at\/index.php\/wp-json\/wp\/v2\/pages\/6763"}],"wp:attachment":[{"href":"https:\/\/physik.nawi.at\/index.php\/wp-json\/wp\/v2\/media?parent=13736"}],"curies":[{"name":"wp","href":"https:\/\/api.w.org\/{rel}","templated":true}]}}