{"id":10,"date":"2012-12-06T19:39:10","date_gmt":"2012-12-06T18:39:10","guid":{"rendered":"https:\/\/physik.nawi.at\/?page_id=10"},"modified":"2024-11-14T11:05:41","modified_gmt":"2024-11-14T10:05:41","slug":"kontakt","status":"publish","type":"page","link":"https:\/\/physik.nawi.at\/index.php\/kontakt\/","title":{"rendered":"Kontakt"},"content":{"rendered":"<div id=\"pl-10\"  class=\"panel-layout\" ><div id=\"pg-10-0\"  class=\"panel-grid panel-no-style\" ><div id=\"pgc-10-0-0\"  class=\"panel-grid-cell\" ><div id=\"panel-10-0-0-0\" class=\"so-panel widget widget_sow-headline panel-first-child\" data-index=\"0\" ><div\n\t\t\t\n\t\t\tclass=\"so-widget-sow-headline so-widget-sow-headline-default-9dc313e2ed00-10 so-widget-fittext-wrapper\"\n\t\t\t data-fit-text-compressor=\"0.85\"\n\t\t><div class=\"sow-headline-container \">\n\t\t\t\t\t\t\t<h1 class=\"sow-headline\">\n\t\t\t\t\t\tJournaldienstzeiten im Sommersemester 2023\t\t\t\t\t\t<\/h1>\n\t\t\t\t\t\t\t\t\t\t\t\t<h4 class=\"sow-sub-headline\">\n\t\t\t\t\t\tAuch dieses Semester ist der\u00a0Rote Vektor (StV Physik) f\u00fcr dich im Einsatz. Du hast ein Problem, Fragen oder Anregungen? Du willst quatschen oder dir ein eiskaltes koffeinhaltiges Getr\u00e4nk holen? Alternativ kannst du uns auch auf unserem Discord-Server besuchen!\t\t\t\t\t\t<\/h4>\n\t\t\t\t\t\t\t\t\t\t\t<div class=\"decoration\">\n\t\t\t\t\t\t<div class=\"decoration-inside\"><\/div>\n\t\t\t\t\t<\/div>\n\t\t\t\t\t<\/div>\n<\/div><\/div><div id=\"panel-10-0-0-1\" class=\"so-panel widget widget_sow-editor\" data-index=\"1\" ><div\n\t\t\t\n\t\t\tclass=\"so-widget-sow-editor so-widget-sow-editor-base\"\n\t\t\t\n\t\t>\n<div class=\"siteorigin-widget-tinymce textwidget\">\n\t<table dir=\"ltr\" style=\"height: 222px;\" border=\"1\" width=\"654\" cellspacing=\"0\" cellpadding=\"0\"><colgroup> <col width=\"186\" \/> <col width=\"257\" \/> <col width=\"207\" \/> <col width=\"247\" \/> <col width=\"239\" \/><\/colgroup>\n<tbody>\n<tr>\n<td style=\"text-align: center;\">Mo<\/td>\n<td style=\"text-align: center;\">Di<\/td>\n<td style=\"text-align: center;\">Mi<\/td>\n<td style=\"text-align: center;\">Do<\/td>\n<td style=\"text-align: center;\">Fr<\/td>\n<\/tr>\n<tr>\n<td style=\"text-align: center;\">11:00-13:00 *<\/td>\n<td style=\"text-align: center;\"><\/td>\n<td style=\"text-align: center;\">13:00-15:00<\/td>\n<td style=\"text-align: center;\">11:00-13:00<\/td>\n<td style=\"text-align: center;\"><\/td>\n<\/tr>\n<\/tbody>\n<\/table>\nDie mit * markierten Journaldienste werden von FLINTA Personen durchgef\u00fchrt.\n\n<!-- wp:paragraph --><!-- \/wp:paragraph -->\n<!-- EventON Calendar --><div id='evcal_calendar_743' class='ajde_evcal_calendar clean esty_0 ajax_loading_cal' ><div id='evcal_head' class='calendar_header ' ><div class='evo_cal_above'><span class='evo-search'><\/span><span class='evo-gototoday-btn' style='display:none' data-mo='4' data-yr='2026' data-dy=''>Aktuelles Monat<\/span><\/div><div class='evo_cal_above_content'>\t\t\t\t\t\n\t\t\t\t<div class='evo_search_bar evo_hidden'>\n\t\t\t\t\t<div class='evo_search_bar_in' >\n\t\t\t\t\t\t<input id='evo_search_bar_in_743' type=\"text\" placeholder='Suche' data-role=\"none\"\/>\n\t\t\t\t\t\t<a class=\"evosr_search_clear_btn\"><i class=\"fa fa-close\"><\/i><\/a>\n\t\t\t\t\t\t<a class=\"evosr_search_btn\"><i class=\"fa fa-search\"><\/i><\/a>\n\t\t\t\t\t<\/div>\n\t\t\t\t<\/div>\n\n\t\t\t<\/div><div class='evo_header_title right'><p id='evcal_cur' class='evo_month_title'> April, 2026<\/p><p class='evo_arrows'><span id='evcal_prev' class='evcal_arrows evcal_btn_prev' ><\/span><span id='evcal_next' class='evcal_arrows evo_arrow_next evcal_btn_next' ><\/span><\/p><\/div><\/div><div id='eventon_loadbar_section'><div id='eventon_loadbar'><\/div><\/div><div class='evo_ajax_load_events'><span><\/span><span><\/span><span><\/span><\/div><!-- Events List --><div id='evcal_list' \n\t\t\t\t\tclass='eventon_events_list '>\t\t\t<div class='clear'><\/div>\n\t\t\t<\/div>\n\t\t\t<div class='clear'><\/div>\n\t\t\t\t\t \t<div id='evcal_footer' class='evo_bottom' style='display:none'>\n\t\t \t\t<div class='evo_cal_data'  data-sc='{\"accord\":\"yes\",\"bottom_nav\":\"no\",\"cal_id\":\"\",\"cal_init_nonajax\":\"no\",\"calendar_type\":\"default\",\"ep_fields\":\"\",\"etc_override\":\"no\",\"evc_open\":\"no\",\"event_count\":\"4\",\"event_location\":\"all\",\"event_order\":\"ASC\",\"event_organizer\":\"all\",\"event_parts\":\"no\",\"event_past_future\":\"future\",\"event_status\":\"all\",\"event_tag\":\"all\",\"event_type\":\"322,308,\",\"event_type_2\":\"all\",\"event_type_3\":\"all\",\"event_type_4\":\"all\",\"event_type_5\":\"all\",\"event_virtual\":\"all\",\"eventtop_date_style\":0,\"eventtop_style\":\"0\",\"exp_jumper\":\"no\",\"exp_so\":\"no\",\"filter_relationship\":\"AND\",\"filter_show_set_only\":\"no\",\"filter_type\":\"default\",\"filters\":\"yes\",\"fixed_month\":\"4\",\"fixed_year\":\"2026\",\"focus_end_date_range\":\"1777586399\",\"focus_start_date_range\":\"1774994400\",\"ft_event_priority\":\"no\",\"hide_arrows\":\"no\",\"hide_cancels\":\"no\",\"hide_empty_months\":\"no\",\"hide_end_time\":\"no\",\"hide_et_dn\":\"no\",\"hide_et_extra\":\"no\",\"hide_et_tags\":\"no\",\"hide_et_tl\":\"no\",\"hide_ft\":\"no\",\"hide_ft_img\":\"no\",\"hide_month_headers\":\"yes\",\"hide_mult_occur\":\"no\",\"hide_past\":\"no\",\"hide_past_by\":\"ee\",\"hide_so\":\"no\",\"ics\":\"yes\",\"jumper\":\"no\",\"jumper_count\":5,\"jumper_offset\":\"0\",\"lang\":\"L1\",\"layout_changer\":\"no\",\"livenow_bar\":\"yes\",\"mapformat\":\"roadmap\",\"mapiconurl\":\"\",\"maps_load\":\"yes\",\"mapscroll\":\"true\",\"mapzoom\":\"18\",\"members_only\":\"no\",\"ml_priority\":\"no\",\"month_incre\":0,\"number_of_months\":\"1\",\"only_ft\":\"no\",\"pec\":\"\",\"s\":\"\",\"search\":\"\",\"search_all\":\"no\",\"sep_month\":\"no\",\"show_et_ft_img\":\"yes\",\"show_limit\":\"yes\",\"show_limit_ajax\":\"no\",\"show_limit_paged\":1,\"show_limit_redir\":\"https:\\\/\\\/physik.nawi.at\\\/index.php\\\/kalender\\\/\",\"show_repeats\":\"no\",\"show_upcoming\":0,\"show_year\":\"no\",\"social_share\":\"no\",\"sort_by\":\"sort_date\",\"tile_bg\":0,\"tile_bg_size\":\"full\",\"tile_count\":2,\"tile_height\":0,\"tile_style\":0,\"tiles\":\"no\",\"ux_val\":\"3a\",\"wpml_l1\":\"\",\"wpml_l2\":\"\",\"wpml_l3\":\"\",\"yl_priority\":\"no\",\"fixed_day\":\"5\",\"_cver\":\"2.2.14\"}' data-od='{\"lang_no_events\":\"Keine Events\",\"cal_tz_offset\":120,\"cal_tz\":\"Europe\\\/Berlin\"}'><\/div>\n\t\t \t\t<div class='evo_cal_events' data-events=\"\"><\/div>\n\t\t \t<\/div>\n\t\t\t\t\n\t\t\t<a class=\"evcal_btn download_ics\" href=\"https:\/\/physik.nawi.at\/wp-admin\/admin-ajax.php?action=eventon_export_events_ics&amp;nonce=349be6645e&s=1774994400&e=1777586399\" style=\"margin-top:10px\"><em class=\"fa fa-calendar-plus-o\" ><\/em> Alle Events als ICS Datei herunterladen<\/a>\n\t\t\t\t\t\t<\/div><!-- EventON End -->\n\t\t\t<\/div>\n<\/div><\/div><div id=\"panel-10-0-0-2\" class=\"so-panel widget widget_sow-editor\" data-index=\"2\" ><div\n\t\t\t\n\t\t\tclass=\"so-widget-sow-editor so-widget-sow-editor-base\"\n\t\t\t\n\t\t>\n<div class=\"siteorigin-widget-tinymce textwidget\">\n\t<h1>Kontaktm\u00f6glichkeiten<\/h1>\n<p>Schau doch pers\u00f6nlich vorbei:<br \/>\n- im\u00a0StV B\u00fcro (siehe Bild unten)<br \/>\n- oder im StV Kammerl (siehe Bild unten)<br \/>\n- oder im Zentrum f\u00fcr Studierende (siehe Bild unten)<br \/>\nan diesen Orten findest du oft liebe Menschen, die dir bestimmt weiterhelfen k\u00f6nnen. Zus\u00e4tzlich sind wir auf\u00a0unserem <a href=\"https:\/\/discord.gg\/VGRk8AVA3d\">Discord-Server<\/a> im Channel \u00bbJournaldienst\u00ab unter \u00bbRV-B\u00fcro\u00ab f\u00fcr euch da und ihr habt in \u00bb<a href=\"http:\/\/discord.gg\/6QxFvuNDVS\">#hilfe-und-support<\/a>\u00ab die M\u00f6glichkeit Support-Tickets zu erstellen!<\/p>\n<p>Wenn du keine Zeit hast vorbeizuschauen, dann:<br \/>\n- schreib eine E-Mail an: <a href=\"mailto:stv.physik@oeh.univie.ac.at\">stv.physik@oeh.univie.ac.at<\/a><br \/>\n- Erstell ein Support Ticket:\u00a0<a href=\"http:\/\/discord.gg\/6QxFvuNDVS\">Discord-Channel<\/a><br \/>\n- oder ruf uns an unter: 01-4277-19769 oder 01-4277-19760<br \/>\n(Telefon nur w\u00e4hrend der JD-Zeiten besetzt)<\/p>\n<p>PS: \u00a0Du findest uns auch auf <a href=\"http:\/\/www.facebook.com\/RVPhysik\">Facebook<\/a>, <a href=\"https:\/\/www.instagram.com\/rotervektor\/\">Instagram<\/a>, und auf <a href=\"https:\/\/discord.gg\/VGRk8AVA3d\">Discord<\/a><\/p>\n<\/div>\n<\/div><\/div><div id=\"panel-10-0-0-3\" class=\"so-panel widget widget_sow-image panel-last-child\" data-index=\"3\" ><div\n\t\t\t\n\t\t\tclass=\"so-widget-sow-image so-widget-sow-image-default-334eeca80698-10\"\n\t\t\t\n\t\t><h3 class=\"widget-title\">So erreichst du uns an der Fakult\u00e4t:<\/h3>\n<div class=\"sow-image-container\">\n\t\t<img \n\tdata-src=\"https:\/\/physik.nawi.at\/wp-content\/uploads\/2023\/08\/Lageplan-Kammerl-neu-no-bg.png\" width=\"1988\" height=\"2112\" data-srcset=\"https:\/\/physik.nawi.at\/wp-content\/uploads\/2023\/08\/Lageplan-Kammerl-neu-no-bg.png 1988w, https:\/\/physik.nawi.at\/wp-content\/uploads\/2023\/08\/Lageplan-Kammerl-neu-no-bg-282x300.png 282w, https:\/\/physik.nawi.at\/wp-content\/uploads\/2023\/08\/Lageplan-Kammerl-neu-no-bg-964x1024.png 964w, https:\/\/physik.nawi.at\/wp-content\/uploads\/2023\/08\/Lageplan-Kammerl-neu-no-bg-768x816.png 768w, https:\/\/physik.nawi.at\/wp-content\/uploads\/2023\/08\/Lageplan-Kammerl-neu-no-bg-1446x1536.png 1446w, https:\/\/physik.nawi.at\/wp-content\/uploads\/2023\/08\/Lageplan-Kammerl-neu-no-bg-1928x2048.png 1928w, https:\/\/physik.nawi.at\/wp-content\/uploads\/2023\/08\/Lageplan-Kammerl-neu-no-bg-612x650.png 612w\" data-sizes=\"(max-width: 1988px) 100vw, 1988px\" title=\"So erreichst du uns an der Fakult\u00e4t:\" alt=\"Ein Raumplan der Fakult\u00e4t f\u00fcr Physik. Er zeigt, dass das B\u00fcro im Gang rechts nach dem Eingang Strudlhofgasse ist und das Kammerl links vor der T\u00fcr von der Aula in den Hof\" loading=\"lazy\" \t\tclass=\"so-widget-image lazyload\" src=\"data:image\/gif;base64,R0lGODlhAQABAAAAACH5BAEKAAEALAAAAAABAAEAAAICTAEAOw==\" style=\"--smush-placeholder-width: 1988px; --smush-placeholder-aspect-ratio: 1988\/2112;\" \/><noscript><img \n\tsrc=\"https:\/\/physik.nawi.at\/wp-content\/uploads\/2023\/08\/Lageplan-Kammerl-neu-no-bg.png\" width=\"1988\" height=\"2112\" srcset=\"https:\/\/physik.nawi.at\/wp-content\/uploads\/2023\/08\/Lageplan-Kammerl-neu-no-bg.png 1988w, https:\/\/physik.nawi.at\/wp-content\/uploads\/2023\/08\/Lageplan-Kammerl-neu-no-bg-282x300.png 282w, https:\/\/physik.nawi.at\/wp-content\/uploads\/2023\/08\/Lageplan-Kammerl-neu-no-bg-964x1024.png 964w, https:\/\/physik.nawi.at\/wp-content\/uploads\/2023\/08\/Lageplan-Kammerl-neu-no-bg-768x816.png 768w, https:\/\/physik.nawi.at\/wp-content\/uploads\/2023\/08\/Lageplan-Kammerl-neu-no-bg-1446x1536.png 1446w, https:\/\/physik.nawi.at\/wp-content\/uploads\/2023\/08\/Lageplan-Kammerl-neu-no-bg-1928x2048.png 1928w, https:\/\/physik.nawi.at\/wp-content\/uploads\/2023\/08\/Lageplan-Kammerl-neu-no-bg-612x650.png 612w\" sizes=\"(max-width: 1988px) 100vw, 1988px\" title=\"So erreichst du uns an der Fakult\u00e4t:\" alt=\"Ein Raumplan der Fakult\u00e4t f\u00fcr Physik. Er zeigt, dass das B\u00fcro im Gang rechts nach dem Eingang Strudlhofgasse ist und das Kammerl links vor der T\u00fcr von der Aula in den Hof\" loading=\"lazy\" \t\tclass=\"so-widget-image\"\/><\/noscript>\n\t<\/div>\n\n<\/div><\/div><\/div><\/div><\/div>","protected":false},"excerpt":{"rendered":"<p>Mo Di Mi Do Fr 11:00-13:00 * 13:00-15:00 11:00-13:00 Die mit * markierten Journaldienste werden von FLINTA Personen durchgef\u00fchrt. Kontaktm\u00f6glichkeiten Schau doch pers\u00f6nlich vorbei: &#8211; im\u00a0StV B\u00fcro (siehe Bild unten) &#8211; oder im StV Kammerl (siehe Bild unten) &#8211; oder im Zentrum f\u00fcr Studierende (siehe Bild unten) an diesen Orten findest du oft liebe Menschen, [&hellip;]<\/p>\n","protected":false},"author":1,"featured_media":0,"parent":0,"menu_order":6,"comment_status":"closed","ping_status":"closed","template":"","meta":[],"_links":{"self":[{"href":"https:\/\/physik.nawi.at\/index.php\/wp-json\/wp\/v2\/pages\/10"}],"collection":[{"href":"https:\/\/physik.nawi.at\/index.php\/wp-json\/wp\/v2\/pages"}],"about":[{"href":"https:\/\/physik.nawi.at\/index.php\/wp-json\/wp\/v2\/types\/page"}],"author":[{"embeddable":true,"href":"https:\/\/physik.nawi.at\/index.php\/wp-json\/wp\/v2\/users\/1"}],"replies":[{"embeddable":true,"href":"https:\/\/physik.nawi.at\/index.php\/wp-json\/wp\/v2\/comments?post=10"}],"version-history":[{"count":0,"href":"https:\/\/physik.nawi.at\/index.php\/wp-json\/wp\/v2\/pages\/10\/revisions"}],"wp:attachment":[{"href":"https:\/\/physik.nawi.at\/index.php\/wp-json\/wp\/v2\/media?parent=10"}],"curies":[{"name":"wp","href":"https:\/\/api.w.org\/{rel}","templated":true}]}}